/*
Navicat MySQL Data Transfer

Source Server         : y
Source Server Version : 50717
Source Host           : localhost:3306
Source Database       : ckgl

Target Server Type    : MYSQL
Target Server Version : 50717
File Encoding         : 65001

Date: 2025-12-02 08:03:19
*/

SET FOREIGN_KEY_CHECKS=0;

-- ----------------------------
-- Table structure for `ckb`
-- ----------------------------
DROP TABLE IF EXISTS `ckb`;
CREATE TABLE `ckb` (
  `ckid` varchar(180) COLLATE utf8_bin NOT NULL,
  `gno` varchar(10) COLLATE utf8_bin DEFAULT NULL,
  `cno` varchar(10) COLLATE utf8_bin DEFAULT NULL,
  `hno` varchar(10) COLLATE utf8_bin DEFAULT NULL,
  `ck_num` int(11) DEFAULT NULL,
  `ck_zprice` int(11) DEFAULT NULL,
  `ck_date` datetime DEFAULT NULL,
  PRIMARY KEY (`ckid`)
) ENGINE=InnoDB DEFAULT CHARSET=utf8 COLLATE=utf8_bin;

-- ----------------------------
-- Records of ckb
-- ----------------------------

-- ----------------------------
-- Table structure for `customer`
-- ----------------------------
DROP TABLE IF EXISTS `customer`;
CREATE TABLE `customer` (
  `Cno` varchar(10) COLLATE utf8_bin NOT NULL,
  `Cname` varchar(8) COLLATE utf8_bin DEFAULT NULL,
  `Csex` varchar(2) COLLATE utf8_bin DEFAULT NULL,
  `Caddre` varchar(30) COLLATE utf8_bin DEFAULT NULL,
  `Cbirthday` datetime DEFAULT NULL,
  `Ctele` varchar(13) COLLATE utf8_bin DEFAULT NULL,
  `email` varchar(50) COLLATE utf8_bin DEFAULT NULL,
  `bodyno` varchar(18) COLLATE utf8_bin DEFAULT NULL,
  PRIMARY KEY (`Cno`)
) ENGINE=InnoDB DEFAULT CHARSET=utf8 COLLATE=utf8_bin;

-- ----------------------------
-- Records of customer
-- ----------------------------
INSERT INTO `customer` VALUES ('2025000001', '庞奇致', '男', '宁波万达小区', '1993-08-05 23:13:20', '13752524414', 'IRr17eua@163.com', '450304196412234699');
INSERT INTO `customer` VALUES ('2025000002', '夏侯修诚', '男', '宁波华贸小区', '1996-04-18 01:53:20', '13735213313', 'iD2O8RUu@163.com', '320307198412020413');
INSERT INTO `customer` VALUES ('2025000003', '郁向雪', '女', '宁波景帝水岸小区', '1994-11-26 23:26:40', '13741535233', 'PlsWHd2V@163.com', '110201199501046259');
INSERT INTO `customer` VALUES ('2025000004', '沙庆生', '男', '宁波华贸小区', '1981-07-28 04:26:40', '13724324132', 'JUFa0vT7@163.com', '450101200502051086');
INSERT INTO `customer` VALUES ('2025000005', '舄鸿才', '男', '宁波万达小区', '1996-03-18 23:40:00', '13731141153', 'iT6zJL3d@163.com', '110302200404262773');
INSERT INTO `customer` VALUES ('2025000006', '江美丽', '女', '宁波万达小区', '1982-11-18 04:40:00', '13713335451', '43w2hs9z@163.com', '350203196805018509');
INSERT INTO `customer` VALUES ('2025000007', '诸修竹', '男', '宁波万达小区', '1997-07-09 23:53:20', '13754135535', 'Hd97St4z@163.com', '140103197906034335');
INSERT INTO `customer` VALUES ('2025000008', '後宏阔', '男', '宁波金辉小区', '1984-03-10 04:53:20', '13711442515', 'rCoBMJUk@163.com', '350305197808245022');
INSERT INTO `customer` VALUES ('2025000009', '宫修为', '男', '宁波华贸小区', '1986-11-21 07:33:20', '13743141454', 'H029zmw6@163.com', '140205198809251858');
INSERT INTO `customer` VALUES ('2025000010', '权飞鸿', '男', '宁波江山万里小区', '1985-07-01 05:06:40', '13755413335', 'oyc9FOPC@163.com', '430105199810277684');
INSERT INTO `customer` VALUES ('2025000011', '冉嘉荣', '男', '宁波景帝水岸小区', '1988-03-13 07:46:40', '13732152223', 'CfHj9Tkq@163.com', '350201197311063418');
INSERT INTO `customer` VALUES ('2025000012', '潘葛菲', '女', '宁波华贸小区', '1986-10-22 05:20:00', '13744424254', 'dytGAhBz@163.com', '140101198312089245');
INSERT INTO `customer` VALUES ('2025000013', '汝咏思', '男', '宁波金辉小区', '1989-07-04 08:00:00', '13745214333', 'MZo76WJY@163.com', '120207197202249944');
INSERT INTO `customer` VALUES ('2025000014', '申昂然', '男', '宁波万达小区', '1988-02-12 05:33:20', '13712452131', 'dRDLvY5N@163.com', '140203199303035768');
INSERT INTO `customer` VALUES ('2025000015', '缪建中', '男', '宁波万达小区', '1990-10-25 08:13:20', '13734225152', 'pAfyFQJX@163.com', '330103200304051594');
INSERT INTO `customer` VALUES ('2025000016', '仲孙安平', '男', '宁波江山万里小区', '1989-06-04 03:00:00', '13751524551', 'mexVLsJ2@163.com', '120704196704067330');
INSERT INTO `customer` VALUES ('2025000017', '殴睿好', '男', '宁波金辉小区', '1992-02-15 08:26:40', '13723331421', 'rVd8Sx1L@163.com', '330205196707278017');
INSERT INTO `customer` VALUES ('2025000018', '芮夏旋', '女', '宁波江山万里小区', '1990-09-25 03:13:20', '13741535325', 'cQm6fXNg@163.com', '120106197708024853');
INSERT INTO `customer` VALUES ('2025000019', '尚和悌', '女', '宁波华市都府小区', '1993-06-07 08:40:00', '13725342535', 'D3FXy75V@163.com', '410706198708040680');
INSERT INTO `customer` VALUES ('2025000020', '别祺瑞', '男', '宁波华市都府小区', '1980-02-06 13:40:00', '13753141424', '8LglGThU@163.com', '120307198611251376');
INSERT INTO `customer` VALUES ('2025000021', '漆雕萍雅', '女', '宁波华市都府小区', '1978-09-16 08:26:40', '13714413455', '2ZHP17jG@163.com', '310101199711266103');
INSERT INTO `customer` VALUES ('2025000022', '羊舌建明', '男', '宁波金辉小区', '1981-05-29 13:53:20', '13742152243', 'mTcwkMNb@163.com', '150701196112012939');
INSERT INTO `customer` VALUES ('2025000023', '褚力勤', '男', '宁波华市都府小区', '1980-01-07 08:40:00', '13754425224', 'PIos3QYu@163.com', '120104198101078753');
INSERT INTO `customer` VALUES ('2025000024', '巩湘云', '女', '宁波绿源小区', '1982-09-19 14:06:40', '13731113523', 'jdNl2Pg1@163.com', '410704199102094599');
INSERT INTO `customer` VALUES ('2025000025', '洪刚豪', '男', '宁波光明小区', '1981-04-29 08:53:20', '13722453251', 'pDHrYE8u@163.com', '440103198104255288');
INSERT INTO `customer` VALUES ('2025000026', '于瀚玥', '男', '宁波景帝水岸小区', '1984-01-10 14:20:00', '13743225122', 'UHgzrqSe@163.com', '310106200105041012');
INSERT INTO `customer` VALUES ('2025000027', '章高峻', '男', '宁波江山万里小区', '1982-08-20 09:06:40', '13711424525', 'ibfUqvAT@163.com', '150706196506067849');
INSERT INTO `customer` VALUES ('2025000028', '韩德元', '男', '宁波金辉小区', '1985-05-02 14:33:20', '13733231541', 'WrStjeGf@163.com', '440606197507072775');
INSERT INTO `customer` VALUES ('2025000029', '边伟祺', '男', '宁波绿源小区', '1983-12-11 09:20:00', '13755535345', 'CQZ0pS7I@163.com', '150101197509014362');
INSERT INTO `customer` VALUES ('2025000030', '艾康健', '男', '宁波金辉小区', '1986-08-23 14:46:40', '13722352315', 'YGN72nRL@163.com', '440701198510039198');
INSERT INTO `customer` VALUES ('2025000031', '赵丹红', '女', '宁波荣安府小区', '1998-04-25 16:40:00', '13712542444', 'e0pOD5LB@163.com', '130602199511055034');
INSERT INTO `customer` VALUES ('2025000032', '阎锐泽', '男', '宁波景帝水岸小区', '1987-12-14 15:00:00', '13745331343', '7f4wXkCo@163.com', '340203199501266611');
INSERT INTO `customer` VALUES ('2025000033', '诸葛圣杰', '男', '宁波光明小区', '1999-08-16 16:53:20', '13752153213', 'JTeQXPS3@163.com', '130103200502272457');
INSERT INTO `customer` VALUES ('2025000034', '卢虹彩', '女', '宁波景帝水岸小区', '1998-03-26 11:40:00', '13734342112', 'oK4QybnB@163.com', '420704196903028383');
INSERT INTO `customer` VALUES ('2025000035', '苏德容', '男', '宁波华市都府小区', '2000-12-06 17:06:40', '13741114132', 'nKAMVUcp@163.com', '340707198903084108');
INSERT INTO `customer` VALUES ('2025000036', '韦和志', '男', '宁波江山万里小区', '1999-07-17 11:53:20', '13723413431', 'Ff31OeaP@163.com', '130607199904090944');
INSERT INTO `customer` VALUES ('2025000037', '上官嘉悦', '男', '宁波金辉小区', '1977-03-27 20:26:40', '13714152525', 'cI4JtBv5@163.com', '150706198907260633');
INSERT INTO `customer` VALUES ('2025000038', '安雪枫', '女', '宁波绿源小区', '2000-11-06 12:06:40', '13721425545', 'rLO8Al6v@163.com', '130702196307056457');
INSERT INTO `customer` VALUES ('2025000039', '林锐阵', '男', '宁波华贸小区', '1978-07-18 20:40:00', '13753114444', 'tsDCVPBE@163.com', '420602197308072293');
INSERT INTO `customer` VALUES ('2025000040', '时雨筠', '女', '宁波华市都府小区', '1977-02-25 15:26:40', '13715431315', 'WfjJzo7S@163.com', '110502198309088029');
INSERT INTO `customer` VALUES ('2025000041', '昝博延', '男', '宁波江山万里小区', '1979-11-08 18:06:40', '13742225213', '9AcuPQRe@163.com', '320704198311029716');
INSERT INTO `customer` VALUES ('2025000042', '敖依波', '女', '宁波绿源小区', '1991-07-11 20:00:00', '13754542234', 'VGv8ILBX@163.com', '110604199312045542');
INSERT INTO `customer` VALUES ('2025000043', '勾明远', '男', '宁波江山万里小区', '1981-02-28 18:20:00', '13755231313', 'mSjMEhuC@163.com', '450504200301051379');
INSERT INTO `customer` VALUES ('2025000044', '赵鸿信', '男', '宁波华市都府小区', '1992-10-31 20:13:20', '13711553333', 'h0KpyrPH@163.com', '110106200303272066');
INSERT INTO `customer` VALUES ('2025000045', '夏侯晓曼', '女', '宁波江山万里小区', '1982-06-21 18:33:20', '13744342132', 'KSGTRnUr@163.com', '450706196704017892');
INSERT INTO `customer` VALUES ('2025000046', '贡智明', '男', '宁波江山万里小区', '1994-02-21 20:26:40', '13755114152', 'IifKvjmA@163.com', '140606197705033638');
INSERT INTO `customer` VALUES ('2025000047', '庞灵秀', '女', '宁波绿源小区', '1996-11-04 01:53:20', '13733313451', 'L8SAgHDs@163.com', '110603199705099452');
INSERT INTO `customer` VALUES ('2025000048', '盛修真', '男', '宁波金辉小区', '1995-06-14 20:40:00', '13745121432', 'XeMJ4rOA@163.com', '450503196206105288');
INSERT INTO `customer` VALUES ('2025000049', '隗宏毅', '男', '宁波万达小区', '1998-02-25 02:06:40', '13722425325', 'R3vXM5ot@163.com', '420602199709276987');
INSERT INTO `customer` VALUES ('2025000050', '幸虹影', '女', '宁波华市都府小区', '1996-10-04 20:53:20', '13713114414', 'BiQSl32e@163.com', '210502196110022714');
INSERT INTO `customer` VALUES ('2025000051', '幸濮存', '男', '宁波荣安府小区', '1995-05-15 18:26:40', '13724431435', 'GHJvbAR4@163.com', '140505198110088538');
INSERT INTO `customer` VALUES ('2025000052', '聂宏朗', '男', '宁波绿源小区', '1998-01-25 21:06:40', '13752225233', 'OtbBPH3V@163.com', '430405199211094374');
INSERT INTO `customer` VALUES ('2025000053', '莘雪松', '男', '宁波荣安府小区', '1984-09-26 02:06:40', '13714542254', 'x8qbPrA4@163.com', '220305200212119100');
INSERT INTO `customer` VALUES ('2025000054', '钦意智', '男', '宁波绿源小区', '1999-05-18 21:20:00', '13741231152', 'DnyCKrOg@163.com', '430507200102050897');
INSERT INTO `customer` VALUES ('2025000055', '龚康伯', '男', '宁波华贸小区', '1986-01-17 02:20:00', '13732431231', 'YybRSp7L@163.com', '120407196503066623');
INSERT INTO `customer` VALUES ('2025000056', '厉向文', '男', '宁波绿源小区', '2000-09-07 21:33:20', '13753243152', 'vmK4c2MI@163.com', '410307197604082450');
INSERT INTO `customer` VALUES ('2025000057', '劳玉龙', '男', '宁波华贸小区', '1987-05-10 02:33:20', '13721542555', 'S8whNYKZ@163.com', '120602197506023146');
INSERT INTO `customer` VALUES ('2025000058', '倪晗玥', '女', '宁波荣安府小区', '1990-01-20 08:00:00', '13743314521', 'zZqYlpOU@163.com', '450502198507049973');
INSERT INTO `customer` VALUES ('2025000059', '仲宏邈', '男', '宁波景帝水岸小区', '1988-08-30 02:46:40', '13733553155', 'b9QDS7Uj@163.com', '240402199508055719');
INSERT INTO `customer` VALUES ('2025000060', '年戈雅', '女', '宁波荣安府小区', '1991-05-13 08:13:20', '13711342453', '5MvJLUIc@163.com', '120406197009111533');
INSERT INTO `customer` VALUES ('2025000061', '姓弘图', '男', '宁波华贸小区', '1989-12-21 03:00:00', '13722114434', 'VRm9tNfH@163.com', '140504200511011232');
INSERT INTO `customer` VALUES ('2025000062', '时敏才', '男', '宁波金辉小区', '1992-09-02 08:26:40', '13755353323', '7mbM3h9e@163.com', '430405196912027068');
INSERT INTO `customer` VALUES ('2025000063', '盖家欣', '女', '宁波光明小区', '1991-04-13 03:13:20', '13712121253', 'IcB3owdl@163.com', '410401199001093882');
INSERT INTO `customer` VALUES ('2025000064', '殷昂然', '男', '宁波绿源小区', '1993-12-24 05:53:20', '13744415142', 'gP9wl2o1@163.com', '250301200001109619');
INSERT INTO `customer` VALUES ('2025000065', '郭以轩', '女', '宁波江山万里小区', '1992-08-03 03:26:40', '13714232352', 'poxiTjFO@163.com', '440201196402125455');
INSERT INTO `customer` VALUES ('2025000066', '伏和蔼', '男', '宁波万达小区', '1995-04-16 06:06:40', '13742431251', 'zhiXS76m@163.com', '150403196404066132');
INSERT INTO `customer` VALUES ('2025000067', '祖文瑞', '男', '宁波景帝水岸小区', '1993-11-24 03:40:00', '13753243222', 'sk5WuE3F@163.com', '440303197405072978');
INSERT INTO `customer` VALUES ('2025000068', '江心愫', '女', '宁波华贸小区', '1980-07-25 08:40:00', '13731542525', '3gkFETDA@163.com', '220203198406097704');
INSERT INTO `customer` VALUES ('2025000069', '东方傲雪', '女', '宁波金辉小区', '1983-04-07 11:20:00', '13742314541', 'ASLt2k7h@163.com', '430505198308039491');
INSERT INTO `customer` VALUES ('2025000070', '利华翰', '男', '宁波金辉小区', '1981-11-15 08:53:20', '13725553345', 'JQF0R42Y@163.com', '220405199309054227');
INSERT INTO `customer` VALUES ('2025000071', '项嘉德', '男', '宁波荣安府小区', '1984-07-28 11:33:20', '13721243523', 'zY0QFCZm@163.com', '410305200410060053');
INSERT INTO `customer` VALUES ('2025000072', '缪飞舟', '男', '宁波万达小区', '1983-03-08 09:06:40', '13732515454', 'dVLubKG2@163.com', '440301197811126888');
INSERT INTO `customer` VALUES ('2025000073', '诸志泽', '男', '宁波华市都府小区', '1985-11-18 11:46:40', '13715354342', 'YuVvSRNi@163.com', '410407196701027576');
INSERT INTO `customer` VALUES ('2025000074', '简嘉禧', '男', '宁波景帝水岸小区', '1984-06-28 09:20:00', '13721121323', 'fL91e8WR@163.com', '250307197702033313');
INSERT INTO `customer` VALUES ('2025000075', '竺涵蓄', '男', '宁波万达小区', '1987-03-11 12:00:00', '13754315112', '8bYT2S31@163.com', '130304199803109137');
INSERT INTO `customer` VALUES ('2025000076', '佴博远', '男', '宁波景帝水岸小区', '1985-10-19 09:33:20', '13711132142', 'gin6xUWa@163.com', '420204196204115963');
INSERT INTO `customer` VALUES ('2025000077', '濮阳兰蕙', '女', '宁波荣安府小区', '1988-07-01 12:13:20', '13751432221', 'PrZQ25qR@163.com', '210104197205130899');
INSERT INTO `customer` VALUES ('2025000078', '颛孙德业', '男', '宁波华贸小区', '1987-02-09 09:46:40', '13734121125', 'QwFJ1jOp@163.com', '420406197207071486');
INSERT INTO `customer` VALUES ('2025000079', '苍逸美', '女', '宁波景帝水岸小区', '1989-10-22 12:26:40', '13745443545', '1Qax9s4N@163.com', '250306198208087212');
INSERT INTO `customer` VALUES ('2025000080', '胡元思', '男', '宁波金辉小区', '1976-06-22 17:26:40', '13723232444', 'zJ7j36PU@163.com', '440106199208103159');
INSERT INTO `customer` VALUES ('2025000081', '卫秀隽', '女', '宁波绿源小区', '1991-02-12 12:40:00', '13735554414', 'C7mbAsYq@163.com', '150401199211044735');
INSERT INTO `customer` VALUES ('2025000082', '皮博学', '男', '宁波万达小区', '1977-10-13 17:40:00', '13712243213', 'XFdUVGgm@163.com', '440301200212060572');
INSERT INTO `customer` VALUES ('2025000083', '秋永丰', '男', '宁波华市都府小区', '1976-05-23 15:13:20', '13753532342', 'F90rLdhO@163.com', '230201196612076408');
INSERT INTO `customer` VALUES ('2025000084', '纪飞文', '男', '宁波荣安府小区', '1979-02-03 17:53:20', '13714354312', 'dUxk8fDm@163.com', '110204198601132222');
INSERT INTO `customer` VALUES ('2025000085', '山雅达', '男', '宁波华市都府小区', '1977-09-13 15:26:40', '13742553211', 'tebGSCHl@163.com', '230303197603032821');
INSERT INTO `customer` VALUES ('2025000086', '解蕴藉', '男', '宁波华贸小区', '1980-05-26 18:06:40', '13754311132', 'vIOiG52u@163.com', '420203198604048757');
INSERT INTO `customer` VALUES ('2025000087', '尹立果', '男', '宁波绿源小区', '1979-01-04 15:40:00', '13731515535', 'exzMgHGX@163.com', '450206196005114581');
INSERT INTO `customer` VALUES ('2025000088', '禄英资', '男', '宁波万达小区', '1981-09-16 18:20:00', '13753332551', 'uECvLSIc@163.com', '240107197006120318');
INSERT INTO `customer` VALUES ('2025000089', '申元武', '男', '宁波绿源小区', '1980-04-26 13:06:40', '13725121355', '0goMrv4R@163.com', '420707198007146144');
INSERT INTO `customer` VALUES ('2025000090', '秋欣跃', '女', '宁波光明小区', '1983-01-07 18:33:20', '13755443115', 'cFvQBpzu@163.com', '130301198009087831');
INSERT INTO `customer` VALUES ('2025000091', '终文赋', '男', '宁波景帝水岸小区', '1994-09-09 20:26:40', '13733132414', 's7cy3b4F@163.com', '420202199010093667');
INSERT INTO `customer` VALUES ('2025000092', '祖倚云', '女', '宁波金辉小区', '1993-04-19 15:13:20', '13744454434', 'Aa4Z9k3F@163.com', '210102200011119493');
INSERT INTO `customer` VALUES ('2025000093', '贝黎明', '男', '宁波金辉小区', '1995-12-31 20:40:00', '13722243333', 'c6Y7W3tQ@163.com', '420303200001050180');
INSERT INTO `customer` VALUES ('2025000094', '谈奇玮', '男', '宁波华贸小区', '1994-08-10 15:26:40', '13733515254', 'BzuEqhrO@163.com', '210204196402075916');
INSERT INTO `customer` VALUES ('2025000095', '荆英华', '男', '宁波金辉小区', '1997-04-22 20:53:20', '13711254152', 'c6jiEhA5@163.com', '450104197403081753');
INSERT INTO `customer` VALUES ('2025000096', '邴鸿德', '男', '宁波绿源小区', '1995-12-01 15:40:00', '13752554231', 'Woi5a73I@163.com', '430107199403147577');
INSERT INTO `customer` VALUES ('2025000097', '杭艳蕊', '女', '宁波万达小区', '1998-08-13 21:06:40', '13713311252', '1d9glIzO@163.com', '450206198406048276');
INSERT INTO `customer` VALUES ('2025000098', '昌高澹', '男', '宁波绿源小区', '1997-03-23 15:53:20', '13741515555', 'Jxgdneki@163.com', '240106199407054002');
INSERT INTO `customer` VALUES ('2025000099', '洪雪晴', '女', '宁波金辉小区', '1999-12-04 21:20:00', '13752332521', 'GZTP6yEu@163.com', '120102196807110826');
INSERT INTO `customer` VALUES ('2025000100', '公冶昊天', '男', '宁波景帝水岸小区', '1998-07-14 16:06:40', '13735521424', '3QOokXBz@163.com', '450702197808136662');

-- ----------------------------
-- Table structure for `glyb`
-- ----------------------------
DROP TABLE IF EXISTS `glyb`;
CREATE TABLE `glyb` (
  `gno` varchar(10) COLLATE utf8_bin NOT NULL,
  `gpass` varchar(15) COLLATE utf8_bin DEFAULT NULL,
  `gname` varchar(8) COLLATE utf8_bin DEFAULT NULL,
  `gsex` varchar(2) COLLATE utf8_bin DEFAULT NULL,
  `gtele` varchar(15) COLLATE utf8_bin DEFAULT NULL,
  `gbirthday` datetime DEFAULT NULL,
  PRIMARY KEY (`gno`)
) ENGINE=InnoDB DEFAULT CHARSET=utf8 COLLATE=utf8_bin;

-- ----------------------------
-- Records of glyb
-- ----------------------------
INSERT INTO `glyb` VALUES ('027', 'X)PbkljQ', '龙浩广', '男', '13700000088', '2023-07-22 00:00:00');
INSERT INTO `glyb` VALUES ('028', '@Ql!i%O4', '黎雪晴', '女', '13800000099', '2021-11-30 00:00:00');
INSERT INTO `glyb` VALUES ('029', 'xyu(4E^m', '全泰华', '男', '13700000029', '2023-07-22 00:00:00');
INSERT INTO `glyb` VALUES ('030', 'w6!ZCl1B', '巫睿明', '男', '13700000031', '2021-11-30 00:00:00');
INSERT INTO `glyb` VALUES ('031', 'D@B3%(#s', '海阳舒', '男', '13700000031', '2023-07-22 00:00:00');
INSERT INTO `glyb` VALUES ('032', 'cKGq^UVD', '符修洁', '男', '13700000032', '2021-11-30 00:00:00');
INSERT INTO `glyb` VALUES ('033', '@f8LnYRh', '谷梁清绮', '女', '13700000033', '2023-07-22 00:00:00');
INSERT INTO `glyb` VALUES ('034', 'Dxh3c2A1', '束鹏赋', '男', '13700000034', '2021-11-30 00:00:00');
INSERT INTO `glyb` VALUES ('035', 'ROy)f!xS', '邹高雅', '男', '13700000035', '2023-07-22 00:00:00');
INSERT INTO `glyb` VALUES ('036', '08N&U7Fb', '沈黎昕', '男', '13700000036', '2021-11-30 00:00:00');
INSERT INTO `glyb` VALUES ('037', 'Z6mxrevN', '凌弘大', '男', '13700000037', '2023-07-22 00:00:00');
INSERT INTO `glyb` VALUES ('038', 'WGx&a%3O', '通忆彤', '女', '13700000038', '2021-11-30 00:00:00');
INSERT INTO `glyb` VALUES ('040', 'gzkJGO6E', '谈向明', '男', '13700000040', '2023-07-22 00:00:00');
INSERT INTO `glyb` VALUES ('041', '@CLDlQ3I', '公孙曼云', '女', '13700000041', '2021-11-30 00:00:00');
INSERT INTO `glyb` VALUES ('042', '%*zt~wUP', '东方宏义', '男', '13700000042', '2023-07-22 00:00:00');
INSERT INTO `glyb` VALUES ('043', 'k50ZFn~!', '束嘉怡', '女', '13700000043', '2021-11-30 00:00:00');
INSERT INTO `glyb` VALUES ('044', '705%Mb*y', '丰经纶', '男', '13700000044', '2023-07-22 00:00:00');
INSERT INTO `glyb` VALUES ('045', '~yzhlaNe', '司勇军', '男', '13700000045', '2021-11-30 00:00:00');
INSERT INTO `glyb` VALUES ('046', '@J#MyZrY', '终寻芳', '女', '13700000046', '2023-07-22 00:00:00');
INSERT INTO `glyb` VALUES ('047', '!~a$UocZ', '从同和', '男', '13700000047', '2021-11-30 00:00:00');
INSERT INTO `glyb` VALUES ('048', '9E0Ao4bP', '逄英锐', '男', '13700000048', '2023-07-22 00:00:00');
INSERT INTO `glyb` VALUES ('049', '2QdwPIi8', '阴乐和', '男', '13700000049', '2021-11-30 00:00:00');
INSERT INTO `glyb` VALUES ('050', 'nGa4!UV&', '池子珍', '女', '13700000050', '2023-07-22 00:00:00');
INSERT INTO `glyb` VALUES ('051', '(I4DP!ys', '公新荣', '男', '13700000051', '2021-11-30 00:00:00');
INSERT INTO `glyb` VALUES ('052', ')2V&(pU!', '钟离芳蔼', '女', '13700000052', '2023-07-22 00:00:00');
INSERT INTO `glyb` VALUES ('053', 'lIvi5WmQ', '费晗日', '男', '13700000053', '2021-11-30 00:00:00');
INSERT INTO `glyb` VALUES ('054', 'lvIua(D%', '姬涵润', '男', '13700000054', '2023-07-22 00:00:00');
INSERT INTO `glyb` VALUES ('055', '2kxa!W10', '栾绍钧', '男', '13700000055', '2021-11-30 00:00:00');
INSERT INTO `glyb` VALUES ('056', 'enxr~Pg*', '帅华灿', '男', '13700000056', '2023-07-22 00:00:00');
INSERT INTO `glyb` VALUES ('057', 'oIRijK&)', '敖咏歌', '男', '13700000057', '2021-11-30 00:00:00');
INSERT INTO `glyb` VALUES ('058', 'e!d7ai)1', '宇文依白', '女', '13700000058', '2023-07-22 00:00:00');
INSERT INTO `glyb` VALUES ('059', 'PnT5GL6K', '楚明亮', '男', '13700000059', '2021-11-30 00:00:00');
INSERT INTO `glyb` VALUES ('060', 'Q657Al4E', '璩乐正', '男', '13700000060', '2023-07-22 00:00:00');
INSERT INTO `glyb` VALUES ('061', 'sEL!#v)U', '秦高芬', '男', '13700000061', '2021-11-30 00:00:00');
INSERT INTO `glyb` VALUES ('062', 'io8E9OX5', '武阳旭', '男', '13700000062', '2023-07-22 00:00:00');
INSERT INTO `glyb` VALUES ('063', 'J$yd9p4a', '逯奇水', '男', '13700000063', '2021-11-30 00:00:00');
INSERT INTO `glyb` VALUES ('064', 'jtgXdNec', '简莹琇', '女', '13700000064', '2023-07-22 00:00:00');
INSERT INTO `glyb` VALUES ('065', 'Ah1dnFg#', '阚文光', '男', '13700000065', '2021-11-30 00:00:00');
INSERT INTO `glyb` VALUES ('066', '$Uzt#)!O', '南宫秀敏', '女', '13700000066', '2023-07-22 00:00:00');
INSERT INTO `glyb` VALUES ('067', 'BKXh9YpH', '靳嘉荣', '男', '13700000067', '2021-11-30 00:00:00');
INSERT INTO `glyb` VALUES ('068', 'ZJ(yh4@1', '蔺晓霜', '女', '13700000068', '2023-07-22 00:00:00');
INSERT INTO `glyb` VALUES ('069', 'l1EZYXGI', '柯婉仪', '女', '13700000069', '2021-11-30 00:00:00');
INSERT INTO `glyb` VALUES ('070', 'J~vE5w#g', '冷星辰', '男', '13700000070', '2023-07-22 00:00:00');
INSERT INTO `glyb` VALUES ('071', '#Z2ta&Mu', '寇依波', '女', '13700000071', '2021-11-30 00:00:00');
INSERT INTO `glyb` VALUES ('072', 'f$1skYpP', '贡涵亮', '男', '13700000072', null);
INSERT INTO `glyb` VALUES ('073', 'ebnW5p8*', '桂安安', '女', '13700000073', null);
INSERT INTO `glyb` VALUES ('074', '8lVqX3kP', '巢力学', '男', '13700000074', null);
INSERT INTO `glyb` VALUES ('075', 'rkEJXG$d', '刘华翰', '男', '13700000075', null);
INSERT INTO `glyb` VALUES ('076', 'CZ0SlI2!', '暨修然', '男', '13700000076', null);
INSERT INTO `glyb` VALUES ('077', '6n9cRx1J', '轩辕信鸥', '男', '13700000077', null);
INSERT INTO `glyb` VALUES ('078', null, '闻飞燕', '女', '13700000078', null);
INSERT INTO `glyb` VALUES ('079', null, '雷巍奕', '男', '13700000079', null);
INSERT INTO `glyb` VALUES ('080', null, '乜阳嘉', '男', '13700000080', null);
INSERT INTO `glyb` VALUES ('081', null, '燕正祥', '男', '13700000081', null);
INSERT INTO `glyb` VALUES ('082', null, '红游华皓', '男', '13700000082', null);
INSERT INTO `glyb` VALUES ('083', null, '居飞白', '男', '13700000083', null);
INSERT INTO `glyb` VALUES ('084', null, '梅成弘', '男', '13700000084', null);
INSERT INTO `glyb` VALUES ('085', null, '禄兴德', '男', '13700000085', null);
INSERT INTO `glyb` VALUES ('086', null, '逄嘉珍', '男', '13700000086', null);
INSERT INTO `glyb` VALUES ('087', null, '慕鸿祯', '男', '13700000087', null);
INSERT INTO `glyb` VALUES ('088', null, '鱼灵萱', '女', '13700000088', null);
INSERT INTO `glyb` VALUES ('089', null, '有宏恺', '男', '13700000089', null);
INSERT INTO `glyb` VALUES ('090', null, '太叔修伟', '男', '13700000090', null);
INSERT INTO `glyb` VALUES ('091', null, '邴成化', '男', '13700000091', null);
INSERT INTO `glyb` VALUES ('092', null, '訾文栋', '男', '13700000092', null);
INSERT INTO `glyb` VALUES ('093', null, '舄乐章', '男', '13700000093', null);
INSERT INTO `glyb` VALUES ('094', null, '皇甫天工', '男', '13700000094', null);
INSERT INTO `glyb` VALUES ('095', null, '言学义', '男', '13700000095', null);
INSERT INTO `glyb` VALUES ('096', null, '蓟心愫', '女', '13700000096', null);
INSERT INTO `glyb` VALUES ('097', null, '双晶辉', '女', '13700000097', null);
INSERT INTO `glyb` VALUES ('098', null, '法和美', '女', '13700000098', null);
INSERT INTO `glyb` VALUES ('099', null, '百里鹏鹍', '男', '13700000099', null);
INSERT INTO `glyb` VALUES ('100', null, '柴锦程', '男', '13700000100', null);
INSERT INTO `glyb` VALUES ('201', null, '张海', '男', '13900000001', null);
INSERT INTO `glyb` VALUES ('202', null, '王梅', '女', '13221321233', null);
INSERT INTO `glyb` VALUES ('666', null, '张海', '男', '13212341234', '2008-01-01 00:00:00');
INSERT INTO `glyb` VALUES ('801', null, '张伟', '男', '13112341234', null);
INSERT INTO `glyb` VALUES ('888', null, '张海', '男', '13112341234', null);
INSERT INTO `glyb` VALUES ('999', null, '张大', '男', '13112341234', null);

-- ----------------------------
-- Table structure for `hpb`
-- ----------------------------
DROP TABLE IF EXISTS `hpb`;
CREATE TABLE `hpb` (
  `hno` varchar(10) COLLATE utf8_bin NOT NULL,
  `hname` varchar(20) COLLATE utf8_bin DEFAULT NULL,
  `hsort` varchar(8) COLLATE utf8_bin DEFAULT NULL,
  `hfact` varchar(40) COLLATE utf8_bin DEFAULT NULL,
  `price` int(11) DEFAULT NULL,
  PRIMARY KEY (`hno`)
) ENGINE=InnoDB DEFAULT CHARSET=utf8 COLLATE=utf8_bin;

-- ----------------------------
-- Records of hpb
-- ----------------------------
INSERT INTO `hpb` VALUES ('JD00000001', '手机', '家电', '中国海尔有限公司', '2900');
INSERT INTO `hpb` VALUES ('JD00000002', '电风扇', '家电', '中国海尔有限公司', '2503');
INSERT INTO `hpb` VALUES ('JD00000003', '彩电', '家电', '中国小米有限公司', '2515');
INSERT INTO `hpb` VALUES ('JD00000004', '电风扇', '家电', '中国海信有限公司', '2385');
INSERT INTO `hpb` VALUES ('JD00000005', '热水器', '家电', '中国小米有限公司', '2441');
INSERT INTO `hpb` VALUES ('JD00000006', '冰箱', '家电', '中国海信有限公司', '1595');
INSERT INTO `hpb` VALUES ('JD00000007', '投影仪', '家电', '中国小米有限公司', '1773');
INSERT INTO `hpb` VALUES ('JD00000008', '冰箱', '家电', '中国海信有限公司', '1918');
INSERT INTO `hpb` VALUES ('JD00000009', '电风扇', '家电', '中国海信有限公司', '1429');
INSERT INTO `hpb` VALUES ('JD00000010', '冰箱', '家电', '中国海信有限公司', '2922');
INSERT INTO `hpb` VALUES ('JD00000011', '热水器', '家电', '中国兴科有限公司', '2318');
INSERT INTO `hpb` VALUES ('JD00000012', '电脑', '家电', '中国华为有限公司', '1548');
INSERT INTO `hpb` VALUES ('JD00000013', '微波炉', '家电', '中国海尔有限公司', '2014');
INSERT INTO `hpb` VALUES ('JD00000014', '投影仪', '家电', '中国飞利浦有限公司', '2344');
INSERT INTO `hpb` VALUES ('JD00000015', '电风扇', '家电', '中国荣事达有限公司', '2963');
INSERT INTO `hpb` VALUES ('JD00000016', '电脑', '家电', '中国荣事达有限公司', '1551');
INSERT INTO `hpb` VALUES ('JD00000017', '洗衣机', '家电', '中国荣事达有限公司', '1131');
INSERT INTO `hpb` VALUES ('JD00000018', '微波炉', '家电', '中国华为有限公司', '1390');
INSERT INTO `hpb` VALUES ('JD00000019', '彩电', '家电', '中国兴科有限公司', '2895');
INSERT INTO `hpb` VALUES ('JD00000020', '电风扇', '家电', '中国飞利浦有限公司', '1373');
INSERT INTO `hpb` VALUES ('JD00000021', '彩电', '家电', '中国小米有限公司', '1291');
INSERT INTO `hpb` VALUES ('JD00000022', '投影仪', '家电', '中国荣事达有限公司', '1602');
INSERT INTO `hpb` VALUES ('JD00000023', '微波炉', '家电', '中国飞利浦有限公司', '2363');
INSERT INTO `hpb` VALUES ('JD00000024', '微波炉', '家电', '中国兴科有限公司', '2052');
INSERT INTO `hpb` VALUES ('JD00000025', '热水器', '家电', '中国东芝有限公司', '2359');
INSERT INTO `hpb` VALUES ('JD00000026', '冰箱', '家电', '中国荣事达有限公司', '2916');
INSERT INTO `hpb` VALUES ('JD00000027', '投影仪', '家电', '中国海信有限公司', '2063');
INSERT INTO `hpb` VALUES ('JD00000028', '电风扇', '家电', '中国海尔有限公司', '2767');
INSERT INTO `hpb` VALUES ('JD00000029', '彩电', '家电', '中国荣事达有限公司', '1617');
INSERT INTO `hpb` VALUES ('JD00000030', '彩电', '家电', '中国海尔有限公司', '1269');
INSERT INTO `hpb` VALUES ('JD00000031', '热水器', '家电', '中国小米有限公司', '2757');
INSERT INTO `hpb` VALUES ('JD00000032', '微波炉', '家电', '中国海尔有限公司', '1174');
INSERT INTO `hpb` VALUES ('JD00000033', '电脑', '家电', '中国飞利浦有限公司', '1636');
INSERT INTO `hpb` VALUES ('JD00000034', '洗衣机', '家电', '中国东芝有限公司', '1478');
INSERT INTO `hpb` VALUES ('JD00000035', '洗衣机', '家电', '中国飞利浦有限公司', '1268');
INSERT INTO `hpb` VALUES ('JD00000036', '洗衣机', '家电', '中国海尔有限公司', '1392');
INSERT INTO `hpb` VALUES ('JD00000037', '冰箱', '家电', '中国东芝有限公司', '1627');
INSERT INTO `hpb` VALUES ('JD00000038', '电脑', '家电', '中国荣事达有限公司', '1391');
INSERT INTO `hpb` VALUES ('JD00000039', '冰箱', '家电', '中国东芝有限公司', '1111');
INSERT INTO `hpb` VALUES ('JD00000040', '冰箱', '家电', '中国小米有限公司', '2270');
INSERT INTO `hpb` VALUES ('JD00000041', '洗衣机', '家电', '中国飞利浦有限公司', '1364');
INSERT INTO `hpb` VALUES ('JD00000042', '洗衣机', '家电', '中国华为有限公司', '1988');
INSERT INTO `hpb` VALUES ('JD00000043', '电风扇', '家电', '中国东芝有限公司', '2680');
INSERT INTO `hpb` VALUES ('JD00000044', '电脑', '家电', '中国飞利浦有限公司', '1810');
INSERT INTO `hpb` VALUES ('JD00000045', '冰箱', '家电', '中国华为有限公司', '1358');
INSERT INTO `hpb` VALUES ('JD00000046', '电风扇', '家电', '中国东芝有限公司', '2202');
INSERT INTO `hpb` VALUES ('JD00000047', '冰箱', '家电', '中国海尔有限公司', '2478');
INSERT INTO `hpb` VALUES ('JD00000048', '彩电', '家电', '中国华为有限公司', '2227');
INSERT INTO `hpb` VALUES ('JD00000049', '手机', '家电', '中国兴科有限公司', '1247');
INSERT INTO `hpb` VALUES ('JD00000050', '电风扇', '家电', '中国海信有限公司', '2086');

-- ----------------------------
-- Table structure for `rkb`
-- ----------------------------
DROP TABLE IF EXISTS `rkb`;
CREATE TABLE `rkb` (
  `rkid` varchar(14) COLLATE utf8_bin DEFAULT NULL,
  `hno` varchar(10) COLLATE utf8_bin DEFAULT NULL,
  `gno` varchar(10) COLLATE utf8_bin DEFAULT NULL,
  `rk_num` int(11) DEFAULT NULL,
  `rk_price` int(11) DEFAULT NULL,
  `rk_zprice` int(11) DEFAULT NULL,
  `rk_date` datetime DEFAULT NULL
) ENGINE=InnoDB DEFAULT CHARSET=utf8 COLLATE=utf8_bin;

-- ----------------------------
-- Records of rkb
-- ----------------------------
INSERT INTO `rkb` VALUES ('2023000001', 'JD00000007', '064', '1475', '990', '1460250', '2023-11-07 07:13:20');
INSERT INTO `rkb` VALUES ('2023000002', 'JD00000034', '043', '1375', '950', '1306250', '2023-04-27 07:40:00');
INSERT INTO `rkb` VALUES ('2023000003', 'JD00000023', '999', '1378', '951', '1310478', '2023-11-26 09:33:20');
INSERT INTO `rkb` VALUES ('2023000004', 'JD00000036', '050', '1346', '938', '1262548', '2023-05-16 10:00:00');
INSERT INTO `rkb` VALUES ('2023000005', 'JD00000039', '202', '1360', '944', '1283840', '2023-12-15 09:06:40');
INSERT INTO `rkb` VALUES ('2023000006', 'JD00000002', '045', '1148', '859', '986132', '2023-06-04 09:33:20');
INSERT INTO `rkb` VALUES ('2023000007', 'JD00000044', '045', '1193', '877', '1046261', '2023-07-13 18:00:00');
INSERT INTO `rkb` VALUES ('2023000008', 'JD00000021', '064', '1229', '891', '1095039', '2023-06-23 11:53:20');
INSERT INTO `rkb` VALUES ('2023000009', 'JD00000005', '888', '1107', '842', '932094', '2023-08-01 17:33:20');
INSERT INTO `rkb` VALUES ('2023000010', 'JD00000034', '049', '1480', '992', '1468160', '2023-07-12 11:26:40');
INSERT INTO `rkb` VALUES ('2023000011', 'JD00000047', '027', '1329', '931', '1237299', '2023-08-20 19:53:20');
INSERT INTO `rkb` VALUES ('2023000012', 'JD00000002', '096', '1137', '854', '970998', '2023-07-31 13:46:40');
INSERT INTO `rkb` VALUES ('2023000013', 'JD00000042', '073', '1253', '901', '1128953', '2023-09-08 19:26:40');
INSERT INTO `rkb` VALUES ('2023000014', 'JD00000021', '070', '1336', '934', '1247824', '2023-08-19 13:20:00');
INSERT INTO `rkb` VALUES ('2023000015', 'JD00000034', '090', '1490', '996', '1484040', '2023-02-06 16:33:20');
INSERT INTO `rkb` VALUES ('2023000016', 'JD00000028', '041', '1137', '855', '972135', '2023-09-07 15:40:00');
INSERT INTO `rkb` VALUES ('2023000017', 'JD00000046', '046', '1032', '813', '839016', '2023-02-25 16:06:40');
INSERT INTO `rkb` VALUES ('2023000018', 'JD00000025', '057', '1097', '839', '920383', '2023-04-05 21:46:40');
INSERT INTO `rkb` VALUES ('2023000019', 'JD00000042', '075', '1473', '989', '1456797', '2023-03-16 18:26:40');
INSERT INTO `rkb` VALUES ('2023000020', 'JD00000048', '070', '1093', '837', '914841', '2023-04-25 00:06:40');
INSERT INTO `rkb` VALUES ('2023000021', 'JD00000042', '037', '1072', '829', '888688', '2023-04-04 18:00:00');
INSERT INTO `rkb` VALUES ('2023000022', 'JD00000048', '035', '1150', '860', '989000', '2023-05-13 23:40:00');
INSERT INTO `rkb` VALUES ('2023000023', 'JD00000037', '048', '1340', '936', '1254240', '2023-04-23 20:20:00');
INSERT INTO `rkb` VALUES ('2023000024', 'JD00000037', '070', '1263', '905', '1143015', '2023-06-02 02:00:00');
INSERT INTO `rkb` VALUES ('2023000025', 'JD00000002', '091', '1339', '935', '1251965', '2023-05-12 19:53:20');
INSERT INTO `rkb` VALUES ('2023000026', 'JD00000007', '061', '1479', '991', '1465689', '2023-06-21 01:33:20');
INSERT INTO `rkb` VALUES ('2023000027', 'JD00000040', '028', '1265', '906', '1146090', '2023-05-31 22:13:20');
INSERT INTO `rkb` VALUES ('2023000028', 'JD00000044', '055', '1441', '976', '1406416', '2023-07-10 03:53:20');
INSERT INTO `rkb` VALUES ('2023000029', 'JD00000029', '065', '1154', '861', '993594', '2023-12-26 22:53:20');
INSERT INTO `rkb` VALUES ('2023000030', 'JD00000048', '202', '1067', '826', '881342', '2023-07-29 03:26:40');
INSERT INTO `rkb` VALUES ('2023000031', 'JD00000030', '093', '1439', '975', '1403025', '2023-01-16 06:40:00');
INSERT INTO `rkb` VALUES ('2023000032', 'JD00000043', '062', '1043', '817', '852131', '2023-08-17 05:46:40');
INSERT INTO `rkb` VALUES ('2023000033', 'JD00000022', '070', '1159', '863', '1000217', '2023-02-04 06:13:20');
INSERT INTO `rkb` VALUES ('2023000034', 'JD00000019', '082', '1119', '847', '947793', '2023-01-15 00:06:40');
INSERT INTO `rkb` VALUES ('2023000035', 'JD00000017', '042', '1067', '826', '881342', '2023-02-23 08:33:20');
INSERT INTO `rkb` VALUES ('2023000036', 'JD00000007', '080', '1098', '839', '921222', '2023-02-03 02:26:40');
INSERT INTO `rkb` VALUES ('2023000037', 'JD00000035', '081', '1156', '862', '996472', '2023-03-14 08:06:40');
INSERT INTO `rkb` VALUES ('2023000038', 'JD00000030', '043', '1097', '839', '920383', '2023-02-22 02:00:00');
INSERT INTO `rkb` VALUES ('2023000039', 'JD00000040', '040', '1027', '811', '832897', '2023-04-02 10:26:40');
INSERT INTO `rkb` VALUES ('2023000040', 'JD00000033', '035', '1317', '927', '1220859', '2023-09-19 05:26:40');
INSERT INTO `rkb` VALUES ('2023000041', 'JD00000048', '054', '1091', '836', '912076', '2023-04-21 10:00:00');
INSERT INTO `rkb` VALUES ('2023000042', 'JD00000026', '038', '1247', '898', '1119806', '2023-10-08 05:00:00');
INSERT INTO `rkb` VALUES ('2023000043', 'JD00000017', '046', '1420', '968', '1374560', '2023-05-10 12:20:00');
INSERT INTO `rkb` VALUES ('2023000044', 'JD00000038', '201', '1202', '881', '1058962', '2023-10-27 07:20:00');
INSERT INTO `rkb` VALUES ('2023000045', 'JD00000035', '042', '1089', '835', '909315', '2023-12-05 13:00:00');
INSERT INTO `rkb` VALUES ('2023000046', 'JD00000003', '086', '1300', '920', '1196000', '2023-11-15 06:53:20');
INSERT INTO `rkb` VALUES ('2023000047', 'JD00000003', '061', '1369', '947', '1296443', '2023-12-24 15:20:00');
INSERT INTO `rkb` VALUES ('2023000048', 'JD00000021', '032', '1306', '922', '1204132', '2023-12-04 09:13:20');
INSERT INTO `rkb` VALUES ('2023000049', 'JD00000016', '079', '1061', '824', '874264', '2023-01-13 20:20:00');
INSERT INTO `rkb` VALUES ('2023000050', 'JD00000011', '201', '1271', '908', '1154068', '2023-12-23 08:46:40');
INSERT INTO `rkb` VALUES ('2023000051', 'JD00000020', '999', '1285', '914', '1174490', '2023-06-12 09:13:20');
INSERT INTO `rkb` VALUES ('2023000052', 'JD00000040', '070', '1112', '845', '939640', '2023-01-12 16:33:20');
INSERT INTO `rkb` VALUES ('2023000053', 'JD00000043', '060', '1443', '977', '1409811', '2023-07-01 11:33:20');
INSERT INTO `rkb` VALUES ('2023000054', 'JD00000022', '058', '1262', '905', '1142110', '2023-01-31 16:06:40');
INSERT INTO `rkb` VALUES ('2023000055', 'JD00000024', '081', '1098', '839', '921222', '2023-07-20 11:06:40');
INSERT INTO `rkb` VALUES ('2023000056', 'JD00000006', '040', '1324', '929', '1229996', '2023-08-28 19:33:20');
INSERT INTO `rkb` VALUES ('2023000057', 'JD00000039', '090', '1034', '813', '840642', '2023-08-08 13:26:40');
INSERT INTO `rkb` VALUES ('2023000058', 'JD00000013', '051', '1115', '846', '943290', '2023-09-16 19:06:40');
INSERT INTO `rkb` VALUES ('2023000059', 'JD00000008', '034', '1006', '802', '806812', '2023-08-27 13:00:00');
INSERT INTO `rkb` VALUES ('2023000060', 'JD00000008', '094', '1381', '952', '1314712', '2023-10-05 21:26:40');
INSERT INTO `rkb` VALUES ('2023000061', 'JD00000030', '059', '1383', '953', '1317999', '2023-09-15 15:20:00');
INSERT INTO `rkb` VALUES ('2023000062', 'JD00000028', '666', '1251', '900', '1125900', '2023-10-24 21:00:00');
INSERT INTO `rkb` VALUES ('2023000063', 'JD00000016', '092', '1075', '830', '892250', '2023-10-04 14:53:20');
INSERT INTO `rkb` VALUES ('2023000064', 'JD00000028', '090', '1040', '816', '848640', '2023-11-12 23:20:00');
INSERT INTO `rkb` VALUES ('2023000065', 'JD00000014', '041', '1041', '816', '849456', '2023-10-23 17:13:20');
INSERT INTO `rkb` VALUES ('2023000066', 'JD00000007', '031', '1285', '914', '1174490', '2023-12-01 22:53:20');
INSERT INTO `rkb` VALUES ('2023000067', 'JD00000036', '070', '1478', '991', '1464698', '2023-05-21 23:20:00');
INSERT INTO `rkb` VALUES ('2023000068', 'JD00000010', '098', '1133', '853', '966449', '2023-05-01 17:13:20');
INSERT INTO `rkb` VALUES ('2023000069', 'JD00000020', '042', '1268', '907', '1150076', '2023-06-10 01:40:00');
INSERT INTO `rkb` VALUES ('2023000070', 'JD00000018', '055', '1392', '957', '1332144', '2023-05-20 19:33:20');
INSERT INTO `rkb` VALUES ('2023000071', 'JD00000038', '066', '1480', '992', '1468160', '2023-06-29 01:13:20');
INSERT INTO `rkb` VALUES ('2023000072', 'JD00000036', '031', '1434', '973', '1395282', '2023-06-08 19:06:40');
INSERT INTO `rkb` VALUES ('2023000073', 'JD00000003', '043', '1069', '827', '884063', '2023-07-18 03:33:20');
INSERT INTO `rkb` VALUES ('2023000074', 'JD00000045', '088', '1156', '862', '996472', '2023-06-27 21:26:40');
INSERT INTO `rkb` VALUES ('2023000075', 'JD00000027', '055', '1002', '800', '801600', '2023-08-06 03:06:40');
INSERT INTO `rkb` VALUES ('2023000076', 'JD00000048', '067', '1325', '930', '1232250', '2023-07-16 21:00:00');
INSERT INTO `rkb` VALUES ('2023000077', 'JD00000031', '047', '1230', '892', '1097160', '2023-08-25 05:26:40');
INSERT INTO `rkb` VALUES ('2023000078', 'JD00000024', '087', '1138', '855', '972990', '2023-02-12 05:53:20');
INSERT INTO `rkb` VALUES ('2023000079', 'JD00000016', '036', '1173', '869', '1019337', '2023-09-13 05:00:00');
INSERT INTO `rkb` VALUES ('2023000080', 'JD00000030', '055', '1039', '815', '846785', '2023-03-03 05:26:40');
INSERT INTO `rkb` VALUES ('2023000081', 'JD00000029', '064', '1109', '843', '934887', '2023-10-02 07:20:00');
INSERT INTO `rkb` VALUES ('2023000082', 'JD00000016', '045', '1458', '983', '1433214', '2023-03-22 07:46:40');
INSERT INTO `rkb` VALUES ('2023000083', 'JD00000016', '037', '1379', '951', '1311429', '2023-04-30 13:26:40');
INSERT INTO `rkb` VALUES ('2023000084', 'JD00000022', '047', '1382', '953', '1317046', '2023-04-10 07:20:00');
INSERT INTO `rkb` VALUES ('2023000085', 'JD00000002', '029', '1281', '912', '1168272', '2023-05-19 15:46:40');
INSERT INTO `rkb` VALUES ('2023000086', 'JD00000013', '036', '1326', '930', '1233180', '2023-04-29 09:40:00');
INSERT INTO `rkb` VALUES ('2023000087', 'JD00000042', '801', '1099', '839', '922061', '2023-04-09 03:33:20');
INSERT INTO `rkb` VALUES ('2023000088', 'JD00000019', '028', '1396', '958', '1337368', '2023-05-18 09:13:20');
INSERT INTO `rkb` VALUES ('2023000089', 'JD00000004', '079', '1021', '808', '824968', '2023-11-04 04:13:20');
INSERT INTO `rkb` VALUES ('2023000090', 'JD00000014', '077', '1242', '897', '1114074', '2023-06-06 11:33:20');
INSERT INTO `rkb` VALUES ('2023000091', 'JD00000041', '073', '1063', '825', '876975', '2023-11-23 06:33:20');
INSERT INTO `rkb` VALUES ('2023000092', 'JD00000049', '083', '1041', '816', '849456', '2023-06-25 11:06:40');
INSERT INTO `rkb` VALUES ('2023000093', 'JD00000015', '087', '1091', '836', '912076', '2023-12-12 06:06:40');
INSERT INTO `rkb` VALUES ('2023000094', 'JD00000032', '071', '1146', '858', '983268', '2023-01-21 20:00:00');
INSERT INTO `rkb` VALUES ('2023000095', 'JD00000025', '027', '1434', '973', '1395282', '2023-01-01 13:53:20');
INSERT INTO `rkb` VALUES ('2023000096', 'JD00000022', '053', '1339', '935', '1251965', '2023-02-09 19:33:20');
INSERT INTO `rkb` VALUES ('2023000097', 'JD00000020', '075', '1172', '868', '1017296', '2023-01-20 13:26:40');
INSERT INTO `rkb` VALUES ('2023000098', 'JD00000017', '096', '1380', '952', '1313760', '2023-02-28 21:53:20');
INSERT INTO `rkb` VALUES ('2023000099', 'JD00000028', '088', '1161', '864', '1003104', '2023-02-08 15:46:40');
INSERT INTO `rkb` VALUES ('2023000100', 'JD00000006', '094', '1303', '921', '1200063', '2023-03-19 21:26:40');
INSERT INTO `rkb` VALUES ('2023000101', 'JD00000007', '072', '1322', '929', '1228138', '2023-02-27 15:20:00');
INSERT INTO `rkb` VALUES ('2023000102', 'JD00000050', '098', '1235', '894', '1104090', '2023-08-16 13:06:40');
INSERT INTO `rkb` VALUES ('2023000103', 'JD00000050', '050', '1038', '815', '845970', '2023-03-18 17:40:00');
INSERT INTO `rkb` VALUES ('2023000104', 'JD00000010', '046', '1169', '867', '1013523', '2023-09-04 12:40:00');
INSERT INTO `rkb` VALUES ('2023000105', 'JD00000010', '801', '1290', '916', '1181640', '2023-10-13 18:20:00');
INSERT INTO `rkb` VALUES ('2023000106', 'JD00000023', '057', '1350', '940', '1269000', '2023-09-23 15:00:00');
INSERT INTO `rkb` VALUES ('2023000107', 'JD00000004', '666', '1043', '817', '852131', '2023-11-01 20:40:00');
INSERT INTO `rkb` VALUES ('2023000108', 'JD00000025', '098', '1287', '915', '1177605', '2023-10-12 14:33:20');
INSERT INTO `rkb` VALUES ('2023000109', 'JD00000006', '079', '1260', '904', '1139040', '2023-11-20 20:13:20');
INSERT INTO `rkb` VALUES ('2023000110', 'JD00000030', '031', '1272', '909', '1156248', '2023-10-31 16:53:20');
INSERT INTO `rkb` VALUES ('2023000111', 'JD00000006', '072', '1094', '837', '915678', '2023-12-09 22:33:20');
INSERT INTO `rkb` VALUES ('2023000112', 'JD00000020', '069', '1396', '958', '1337368', '2023-11-19 16:26:40');
INSERT INTO `rkb` VALUES ('2023000113', 'JD00000012', '099', '1442', '977', '1408834', '2023-12-28 22:06:40');
INSERT INTO `rkb` VALUES ('2023000114', 'JD00000025', '033', '1466', '986', '1445476', '2023-12-08 18:46:40');
INSERT INTO `rkb` VALUES ('2023000115', 'JD00000017', '035', '1272', '908', '1154976', '2023-01-18 05:53:20');
INSERT INTO `rkb` VALUES ('2023000116', 'JD00000024', '097', '1424', '969', '1379856', '2023-07-07 00:53:20');
INSERT INTO `rkb` VALUES ('2023000117', 'JD00000040', '065', '1371', '948', '1299708', '2023-02-06 05:26:40');
INSERT INTO `rkb` VALUES ('2023000118', 'JD00000019', '050', '1192', '876', '1044192', '2023-07-26 03:13:20');
INSERT INTO `rkb` VALUES ('2023000119', 'JD00000021', '049', '1258', '903', '1135974', '2023-07-05 21:06:40');
INSERT INTO `rkb` VALUES ('2023000120', 'JD00000024', '060', '1214', '885', '1074390', '2023-08-14 02:46:40');
INSERT INTO `rkb` VALUES ('2023000121', 'JD00000007', '062', '1185', '874', '1035690', '2023-07-24 20:40:00');
INSERT INTO `rkb` VALUES ('2023000122', 'JD00000037', '087', '1081', '832', '899392', '2023-09-02 05:06:40');
INSERT INTO `rkb` VALUES ('2023000123', 'JD00000006', '073', '1112', '845', '939640', '2023-08-12 23:00:00');
INSERT INTO `rkb` VALUES ('2023000124', 'JD00000046', '071', '1026', '810', '831060', '2023-09-21 04:40:00');
INSERT INTO `rkb` VALUES ('2023000125', 'JD00000023', '030', '1329', '931', '1237299', '2023-08-31 22:33:20');
INSERT INTO `rkb` VALUES ('2023000126', 'JD00000039', '078', '1439', '975', '1403025', '2023-10-10 07:00:00');
INSERT INTO `rkb` VALUES ('2023000127', 'JD00000008', '073', '1343', '937', '1258391', '2023-03-30 07:26:40');
INSERT INTO `rkb` VALUES ('2023000128', 'JD00000021', '034', '1423', '969', '1378887', '2023-10-29 06:33:20');
INSERT INTO `rkb` VALUES ('2023000129', 'JD00000033', '095', '1221', '888', '1084248', '2023-04-18 07:00:00');
INSERT INTO `rkb` VALUES ('2023000130', 'JD00000049', '077', '1162', '865', '1005130', '2023-11-17 08:53:20');
INSERT INTO `rkb` VALUES ('2023000131', 'JD00000007', '059', '1153', '861', '992733', '2023-05-07 09:20:00');
INSERT INTO `rkb` VALUES ('2023000132', 'JD00000009', '100', '1350', '940', '1269000', '2023-06-15 15:00:00');
INSERT INTO `rkb` VALUES ('2023000133', 'JD00000031', '057', '1477', '990', '1462230', '2023-05-26 08:53:20');
INSERT INTO `rkb` VALUES ('2023000134', 'JD00000029', '077', '1369', '947', '1296443', '2023-05-06 02:46:40');
INSERT INTO `rkb` VALUES ('2023000135', 'JD00000028', '041', '1216', '886', '1077376', '2023-06-14 11:13:20');
INSERT INTO `rkb` VALUES ('2023000136', 'JD00000038', '088', '1373', '949', '1302977', '2023-05-25 05:06:40');
INSERT INTO `rkb` VALUES ('2023000137', 'JD00000018', '040', '1420', '968', '1374560', '2023-07-03 10:46:40');
INSERT INTO `rkb` VALUES ('2023000138', 'JD00000012', '093', '1210', '884', '1069640', '2023-12-20 05:46:40');
INSERT INTO `rkb` VALUES ('2023000139', 'JD00000001', '072', '1092', '836', '912912', '2023-07-22 13:06:40');
INSERT INTO `rkb` VALUES ('2023000140', 'JD00000041', '077', '1430', '972', '1389960', '2023-01-09 13:33:20');
INSERT INTO `rkb` VALUES ('2023000141', 'JD00000002', '032', '1283', '913', '1171379', '2023-08-10 12:40:00');
INSERT INTO `rkb` VALUES ('2023000142', 'JD00000045', '093', '1312', '924', '1212288', '2023-01-28 13:06:40');
INSERT INTO `rkb` VALUES ('2023000143', 'JD00000024', '029', '1136', '854', '970144', '2023-03-08 21:33:20');
INSERT INTO `rkb` VALUES ('2023000144', 'JD00000036', '068', '1248', '899', '1121952', '2023-02-16 15:26:40');
INSERT INTO `rkb` VALUES ('2023000145', 'JD00000016', '069', '1148', '859', '986132', '2023-03-27 21:06:40');
INSERT INTO `rkb` VALUES ('2023000146', 'JD00000032', '096', '1167', '866', '1010622', '2023-03-07 15:00:00');
INSERT INTO `rkb` VALUES ('2023000147', 'JD00000041', '100', '1098', '839', '921222', '2023-04-15 23:26:40');
INSERT INTO `rkb` VALUES ('2023000148', 'JD00000035', '091', '1124', '849', '954276', '2023-03-26 17:20:00');
INSERT INTO `rkb` VALUES ('2023000149', 'JD00000032', '032', '1374', '949', '1303926', '2023-05-04 23:00:00');
INSERT INTO `rkb` VALUES ('2023000150', 'JD00000024', '999', '1010', '804', '812040', '2023-04-14 16:53:20');
INSERT INTO `rkb` VALUES ('2023000151', 'JD00000017', '094', '1468', '987', '1448916', '2023-05-24 01:20:00');
INSERT INTO `rkb` VALUES ('2023000152', 'JD00000027', '097', '1479', '991', '1465689', '2023-05-03 19:13:20');
INSERT INTO `rkb` VALUES ('2023000153', 'JD00000005', '083', '1121', '848', '950608', '2023-10-20 14:13:20');
INSERT INTO `rkb` VALUES ('2023000154', 'JD00000004', '054', '1446', '978', '1414188', '2023-11-28 19:53:20');
INSERT INTO `rkb` VALUES ('2023000155', 'JD00000032', '080', '1117', '847', '946099', '2023-11-08 13:46:40');
INSERT INTO `rkb` VALUES ('2023000156', 'JD00000003', '098', '1241', '896', '1111936', '2023-12-17 22:13:20');
INSERT INTO `rkb` VALUES ('2023000157', 'JD00000019', '054', '1122', '849', '952578', '2023-11-27 16:06:40');
INSERT INTO `rkb` VALUES ('2023000158', 'JD00000006', '064', '1012', '804', '813648', '2023-01-07 03:13:20');
INSERT INTO `rkb` VALUES ('2023000159', 'JD00000008', '054', '1339', '935', '1251965', '2023-12-16 15:40:00');
INSERT INTO `rkb` VALUES ('2023000160', 'JD00000009', '047', '1350', '940', '1269000', '2023-01-26 05:33:20');
INSERT INTO `rkb` VALUES ('2023000161', 'JD00000041', '088', '1007', '803', '808621', '2023-01-05 23:26:40');
INSERT INTO `rkb` VALUES ('2023000162', 'JD00000034', '075', '1119', '847', '947793', '2023-02-14 05:06:40');
INSERT INTO `rkb` VALUES ('2023000163', 'JD00000009', '038', '1065', '826', '879690', '2023-01-24 23:00:00');
INSERT INTO `rkb` VALUES ('2023000164', 'JD00000034', '032', '1097', '839', '920383', '2023-03-05 07:26:40');
INSERT INTO `rkb` VALUES ('2023000165', 'JD00000037', '052', '1119', '847', '947793', '2023-08-22 02:26:40');
INSERT INTO `rkb` VALUES ('2023000166', 'JD00000001', '058', '1243', '897', '1114971', '2023-03-24 07:00:00');
INSERT INTO `rkb` VALUES ('2023000167', 'JD00000048', '071', '1419', '967', '1372173', '2023-09-10 02:00:00');
INSERT INTO `rkb` VALUES ('2023000168', 'JD00000018', '055', '1073', '829', '889517', '2023-04-12 09:20:00');
INSERT INTO `rkb` VALUES ('2023000169', 'JD00000027', '092', '1250', '900', '1125000', '2023-09-29 04:20:00');
INSERT INTO `rkb` VALUES ('2023000170', 'JD00000050', '078', '1398', '959', '1340682', '2023-09-08 22:13:20');
INSERT INTO `rkb` VALUES ('2023000171', 'JD00000012', '068', '1003', '801', '803403', '2023-10-18 03:53:20');
INSERT INTO `rkb` VALUES ('2023000172', 'JD00000023', '064', '1160', '864', '1002240', '2023-09-28 00:33:20');
INSERT INTO `rkb` VALUES ('2023000173', 'JD00000040', '072', '1099', '839', '922061', '2023-11-06 06:13:20');
INSERT INTO `rkb` VALUES ('2023000174', 'JD00000011', '098', '1328', '931', '1236368', '2023-10-17 00:06:40');
INSERT INTO `rkb` VALUES ('2023000175', 'JD00000040', '027', '1431', '972', '1390932', '2023-11-25 05:46:40');
INSERT INTO `rkb` VALUES ('2023000176', 'JD00000028', '077', '1373', '949', '1302977', '2023-05-15 06:13:20');
INSERT INTO `rkb` VALUES ('2023000177', 'JD00000050', '070', '1445', '978', '1413210', '2023-12-14 08:06:40');
INSERT INTO `rkb` VALUES ('2023000178', 'JD00000020', '074', '1364', '945', '1288980', '2023-06-03 08:33:20');
INSERT INTO `rkb` VALUES ('2023000179', 'JD00000005', '080', '1377', '950', '1308150', '2023-01-03 13:06:40');
INSERT INTO `rkb` VALUES ('2023000180', 'JD00000044', '069', '1162', '864', '1003968', '2023-06-22 08:06:40');
INSERT INTO `rkb` VALUES ('2023000181', 'JD00000013', '093', '1341', '936', '1255176', '2023-07-31 16:33:20');
INSERT INTO `rkb` VALUES ('2023000182', 'JD00000006', '029', '1218', '887', '1080366', '2023-07-11 10:26:40');
INSERT INTO `rkb` VALUES ('2023000183', 'JD00000042', '028', '1048', '819', '858312', '2023-08-19 16:06:40');
INSERT INTO `rkb` VALUES ('2023000184', 'JD00000025', '041', '1211', '884', '1070524', '2023-07-30 10:00:00');
INSERT INTO `rkb` VALUES ('2023000185', 'JD00000039', '047', '1194', '877', '1047138', '2023-09-07 18:26:40');
INSERT INTO `rkb` VALUES ('2023000186', 'JD00000047', '055', '1173', '869', '1019337', '2023-08-18 12:20:00');
INSERT INTO `rkb` VALUES ('2023000187', 'JD00000007', '888', '1228', '891', '1094148', '2023-02-05 12:46:40');
INSERT INTO `rkb` VALUES ('2023000188', 'JD00000015', '064', '1030', '812', '836360', '2023-09-06 11:53:20');
INSERT INTO `rkb` VALUES ('2023000189', 'JD00000016', '048', '1251', '900', '1125900', '2023-02-24 15:06:40');
INSERT INTO `rkb` VALUES ('2023000190', 'JD00000016', '027', '1475', '990', '1460250', '2023-09-25 14:13:20');
INSERT INTO `rkb` VALUES ('2023000191', 'JD00000011', '050', '1250', '900', '1125000', '2023-03-15 14:40:00');
INSERT INTO `rkb` VALUES ('2023000192', 'JD00000003', '096', '1408', '963', '1355904', '2023-04-23 20:20:00');
INSERT INTO `rkb` VALUES ('2023000193', 'JD00000045', '054', '1371', '948', '1299708', '2023-04-03 17:00:00');
INSERT INTO `rkb` VALUES ('2023000194', 'JD00000047', '099', '1241', '896', '1111936', '2023-05-12 22:40:00');
INSERT INTO `rkb` VALUES ('2023000195', 'JD00000044', '073', '1422', '969', '1377918', '2023-04-22 16:33:20');
INSERT INTO `rkb` VALUES ('2023000196', 'JD00000026', '080', '1163', '865', '1005995', '2023-05-31 22:13:20');
INSERT INTO `rkb` VALUES ('2023000197', 'JD00000013', '048', '1246', '898', '1118908', '2023-05-11 18:53:20');
INSERT INTO `rkb` VALUES ('2023000198', 'JD00000027', '029', '1038', '815', '845970', '2023-06-20 00:33:20');
INSERT INTO `rkb` VALUES ('2023000199', 'JD00000035', '038', '1128', '851', '959928', '2023-05-30 18:26:40');
INSERT INTO `rkb` VALUES ('2023000200', 'JD00000033', '089', '1404', '961', '1349244', '2023-07-09 00:06:40');
INSERT INTO `rkb` VALUES ('2023000201', 'JD00000003', '055', '1247', '899', '1121053', '2023-06-18 20:46:40');
INSERT INTO `rkb` VALUES ('2023000202', 'JD00000020', '202', '1025', '810', '830250', '2023-07-28 02:26:40');
INSERT INTO `rkb` VALUES ('2023000203', 'JD00000030', '051', '1374', '949', '1303926', '2023-01-15 02:53:20');
INSERT INTO `rkb` VALUES ('2023000204', 'JD00000012', '077', '1476', '990', '1461240', '2023-08-16 02:00:00');
INSERT INTO `rkb` VALUES ('2023000205', 'JD00000003', '075', '1007', '802', '807614', '2023-02-03 05:13:20');
INSERT INTO `rkb` VALUES ('2023000206', 'JD00000035', '051', '1307', '922', '1205054', '2023-01-13 23:06:40');
INSERT INTO `rkb` VALUES ('2023000207', 'JD00000028', '074', '1380', '952', '1313760', '2023-02-22 04:46:40');
INSERT INTO `rkb` VALUES ('2023000208', 'JD00000025', '047', '1293', '917', '1185681', '2023-02-01 22:40:00');
INSERT INTO `rkb` VALUES ('2023000209', 'JD00000048', '052', '1015', '806', '818090', '2023-03-13 07:06:40');
INSERT INTO `rkb` VALUES ('2023000210', 'JD00000002', '801', '1244', '897', '1115868', '2023-02-21 01:00:00');
INSERT INTO `rkb` VALUES ('2023000211', 'JD00000027', '028', '1295', '918', '1188810', '2023-04-01 06:40:00');
INSERT INTO `rkb` VALUES ('2023000212', 'JD00000021', '062', '1257', '903', '1135071', '2023-03-12 00:33:20');
INSERT INTO `rkb` VALUES ('2023000213', 'JD00000010', '080', '1134', '853', '967302', '2023-04-20 09:00:00');
INSERT INTO `rkb` VALUES ('2023000214', 'JD00000031', '084', '1177', '870', '1023990', '2023-10-07 04:00:00');
INSERT INTO `rkb` VALUES ('2023000215', 'JD00000013', '036', '1009', '803', '810227', '2023-05-09 08:33:20');
INSERT INTO `rkb` VALUES ('2023000216', 'JD00000006', '033', '1289', '915', '1179435', '2023-10-26 03:33:20');
INSERT INTO `rkb` VALUES ('2023000217', 'JD00000010', '046', '1070', '828', '885960', '2023-05-28 10:53:20');
INSERT INTO `rkb` VALUES ('2023000218', 'JD00000003', '034', '1354', '941', '1274114', '2023-11-14 05:53:20');
INSERT INTO `rkb` VALUES ('2023000219', 'JD00000008', '028', '1403', '961', '1348283', '2023-12-23 11:33:20');
INSERT INTO `rkb` VALUES ('2023000220', 'JD00000023', '071', '1445', '978', '1413210', '2023-12-03 05:26:40');
INSERT INTO `rkb` VALUES ('2023000221', 'JD00000017', '028', '1015', '806', '818090', '2023-01-12 19:20:00');
INSERT INTO `rkb` VALUES ('2023000222', 'JD00000019', '057', '1389', '955', '1326495', '2023-12-22 07:46:40');
INSERT INTO `rkb` VALUES ('2023000223', 'JD00000023', '029', '1321', '928', '1225888', '2023-12-02 01:40:00');
INSERT INTO `rkb` VALUES ('2023000224', 'JD00000004', '037', '1274', '909', '1158066', '2023-01-11 12:46:40');
INSERT INTO `rkb` VALUES ('2023000225', 'JD00000027', '095', '1147', '859', '985273', '2023-06-30 07:46:40');
INSERT INTO `rkb` VALUES ('2023000226', 'JD00000047', '069', '1094', '837', '915678', '2023-01-30 15:06:40');
INSERT INTO `rkb` VALUES ('2023000227', 'JD00000022', '094', '1289', '915', '1179435', '2023-07-19 10:06:40');
INSERT INTO `rkb` VALUES ('2023000228', 'JD00000026', '040', '1358', '943', '1280594', '2023-02-18 14:40:00');
INSERT INTO `rkb` VALUES ('2023000229', 'JD00000001', '028', '1405', '962', '1351610', '2023-08-07 09:40:00');
INSERT INTO `rkb` VALUES ('2023000230', 'JD00000003', '029', '1267', '906', '1147902', '2023-09-15 18:06:40');
INSERT INTO `rkb` VALUES ('2023000231', 'JD00000044', '075', '1126', '850', '957100', '2023-08-26 12:00:00');
INSERT INTO `rkb` VALUES ('2023000232', 'JD00000001', '033', '1406', '962', '1352572', '2023-10-04 17:40:00');
INSERT INTO `rkb` VALUES ('2023000233', 'JD00000034', '060', '1235', '894', '1104090', '2023-09-14 11:33:20');
INSERT INTO `rkb` VALUES ('2023000234', 'JD00000011', '076', '1472', '989', '1455808', '2023-10-23 20:00:00');
INSERT INTO `rkb` VALUES ('2023000235', 'JD00000041', '096', '1414', '965', '1364510', '2023-10-03 13:53:20');
INSERT INTO `rkb` VALUES ('2023000236', 'JD00000009', '059', '1316', '926', '1218616', '2023-11-11 19:33:20');
INSERT INTO `rkb` VALUES ('2023000237', 'JD00000018', '044', '1343', '937', '1258391', '2023-10-22 13:26:40');
INSERT INTO `rkb` VALUES ('2023000238', 'JD00000042', '099', '1072', '829', '888688', '2023-11-30 21:53:20');
INSERT INTO `rkb` VALUES ('2023000239', 'JD00000002', '069', '1204', '881', '1060724', '2023-11-10 15:46:40');
INSERT INTO `rkb` VALUES ('2023000240', 'JD00000024', '079', '1387', '954', '1323198', '2023-04-30 16:13:20');
INSERT INTO `rkb` VALUES ('2023000241', 'JD00000044', '080', '1293', '917', '1185681', '2023-06-08 21:53:20');
INSERT INTO `rkb` VALUES ('2023000242', 'JD00000018', '092', '1435', '974', '1397690', '2023-05-19 15:46:40');
INSERT INTO `rkb` VALUES ('2023000243', 'JD00000049', '100', '1014', '805', '816270', '2023-06-28 00:13:20');
INSERT INTO `rkb` VALUES ('2023000244', 'JD00000015', '060', '1007', '802', '807614', '2023-06-07 18:06:40');
INSERT INTO `rkb` VALUES ('2023000245', 'JD00000039', '084', '1179', '871', '1026909', '2023-07-16 23:46:40');
INSERT INTO `rkb` VALUES ('2023000246', 'JD00000001', '043', '1492', '997', '1487524', '2023-06-26 17:40:00');
INSERT INTO `rkb` VALUES ('2023000247', 'JD00000004', '042', '1274', '909', '1158066', '2023-08-05 02:06:40');
INSERT INTO `rkb` VALUES ('2023000248', 'JD00000016', '089', '1193', '877', '1046261', '2023-07-15 20:00:00');
INSERT INTO `rkb` VALUES ('2023000249', 'JD00000046', '032', '1231', '892', '1098052', '2023-08-24 01:40:00');
INSERT INTO `rkb` VALUES ('2023000250', 'JD00000045', '074', '1133', '853', '966449', '2023-08-03 19:33:20');
INSERT INTO `rkb` VALUES ('2023000251', 'JD00000029', '050', '1093', '837', '914841', '2023-09-12 04:00:00');
INSERT INTO `rkb` VALUES ('2023000252', 'JD00000003', '031', '1391', '956', '1329796', '2023-03-02 04:26:40');
INSERT INTO `rkb` VALUES ('2023000253', 'JD00000046', '082', '1135', '854', '969290', '2023-10-01 03:33:20');
INSERT INTO `rkb` VALUES ('2023000254', 'JD00000042', '037', '1183', '873', '1032759', '2023-03-21 04:00:00');
INSERT INTO `rkb` VALUES ('2023000255', 'JD00000048', '058', '1389', '955', '1326495', '2023-10-20 05:53:20');
INSERT INTO `rkb` VALUES ('2023000256', 'JD00000011', '075', '1358', '943', '1280594', '2023-04-09 06:20:00');
INSERT INTO `rkb` VALUES ('2023000257', 'JD00000037', '055', '1203', '881', '1059843', '2023-05-18 12:00:00');
INSERT INTO `rkb` VALUES ('2023000258', 'JD00000050', '056', '1100', '840', '924000', '2023-04-28 05:53:20');
INSERT INTO `rkb` VALUES ('2023000259', 'JD00000020', '088', '1328', '931', '1236368', '2023-04-08 02:33:20');
INSERT INTO `rkb` VALUES ('2023000260', 'JD00000049', '096', '1412', '964', '1361168', '2023-05-17 08:13:20');
INSERT INTO `rkb` VALUES ('2023000261', 'JD00000007', '082', '1017', '807', '820719', '2023-04-27 02:06:40');
INSERT INTO `rkb` VALUES ('2023000262', 'JD00000016', '666', '1021', '808', '824968', '2023-06-05 07:46:40');
INSERT INTO `rkb` VALUES ('2023000263', 'JD00000017', '047', '1388', '955', '1325540', '2023-11-22 05:33:20');
INSERT INTO `rkb` VALUES ('2023000264', 'JD00000049', '049', '1248', '899', '1121952', '2023-06-24 10:06:40');
INSERT INTO `rkb` VALUES ('2023000265', 'JD00000045', '090', '1117', '847', '946099', '2023-12-11 05:06:40');
INSERT INTO `rkb` VALUES ('2023000266', 'JD00000034', '054', '1389', '955', '1326495', '2023-07-13 09:40:00');
INSERT INTO `rkb` VALUES ('2023000267', 'JD00000004', '078', '1021', '808', '824968', '2023-12-30 07:26:40');
INSERT INTO `rkb` VALUES ('2023000268', 'JD00000030', '095', '1162', '864', '1003968', '2023-02-08 18:33:20');
INSERT INTO `rkb` VALUES ('2023000269', 'JD00000037', '095', '1262', '905', '1142110', '2023-01-19 12:26:40');
INSERT INTO `rkb` VALUES ('2023000270', 'JD00000036', '999', '1193', '877', '1046261', '2023-02-27 18:06:40');
INSERT INTO `rkb` VALUES ('2023000271', 'JD00000035', '085', '1445', '978', '1413210', '2023-02-07 14:46:40');
INSERT INTO `rkb` VALUES ('2023000272', 'JD00000015', '093', '1497', '999', '1495503', '2023-03-18 20:26:40');
INSERT INTO `rkb` VALUES ('2023000273', 'JD00000022', '081', '1150', '860', '989000', '2023-02-26 14:20:00');
INSERT INTO `rkb` VALUES ('2023000274', 'JD00000036', '059', '1016', '806', '818896', '2023-04-06 20:00:00');
INSERT INTO `rkb` VALUES ('2023000275', 'JD00000049', '051', '1152', '860', '990720', '2023-03-17 16:40:00');
INSERT INTO `rkb` VALUES ('2023000276', 'JD00000002', '088', '1079', '831', '896649', '2023-09-03 11:40:00');
INSERT INTO `rkb` VALUES ('2023000277', 'JD00000039', '096', '1374', '949', '1303926', '2023-04-05 16:13:20');
INSERT INTO `rkb` VALUES ('2023000278', 'JD00000001', '077', '1314', '925', '1215450', '2023-09-22 11:13:20');
INSERT INTO `rkb` VALUES ('2023000279', 'JD00000001', '888', '1094', '837', '915678', '2023-10-31 16:53:20');
INSERT INTO `rkb` VALUES ('2023000280', 'JD00000029', '051', '1154', '861', '993594', '2023-10-11 13:33:20');
INSERT INTO `rkb` VALUES ('2023000281', 'JD00000016', '095', '1320', '928', '1224960', '2023-11-19 19:13:20');
INSERT INTO `rkb` VALUES ('2023000282', 'JD00000037', '088', '1095', '838', '917610', '2023-10-30 13:06:40');
INSERT INTO `rkb` VALUES ('2023000283', 'JD00000016', '096', '1126', '850', '957100', '2023-12-08 18:46:40');
INSERT INTO `rkb` VALUES ('2023000284', 'JD00000042', '072', '1271', '908', '1154068', '2023-11-18 15:26:40');
INSERT INTO `rkb` VALUES ('2023000285', 'JD00000035', '078', '1173', '869', '1019337', '2023-12-27 21:06:40');
INSERT INTO `rkb` VALUES ('2023000286', 'JD00000035', '091', '1235', '894', '1104090', '2023-12-07 15:00:00');
INSERT INTO `rkb` VALUES ('2023000287', 'JD00000048', '077', '1271', '908', '1154068', '2023-01-17 02:06:40');
INSERT INTO `rkb` VALUES ('2023000288', 'JD00000017', '066', '1052', '821', '863692', '2023-12-26 17:20:00');
INSERT INTO `rkb` VALUES ('2023000289', 'JD00000022', '052', '1082', '833', '901306', '2023-02-05 04:26:40');
INSERT INTO `rkb` VALUES ('2023000290', 'JD00000041', '064', '1055', '822', '867210', '2023-07-24 23:26:40');
INSERT INTO `rkb` VALUES ('2023000291', 'JD00000024', '047', '1112', '844', '938528', '2023-02-24 06:46:40');
INSERT INTO `rkb` VALUES ('2023000292', 'JD00000015', '086', '1243', '897', '1114971', '2023-08-13 01:46:40');
INSERT INTO `rkb` VALUES ('2023000293', 'JD00000036', '666', '1244', '897', '1115868', '2023-07-23 19:40:00');
INSERT INTO `rkb` VALUES ('2023000294', 'JD00000032', '095', '1291', '916', '1182556', '2023-09-01 01:20:00');
INSERT INTO `rkb` VALUES ('2023000295', 'JD00000001', '045', '1369', '947', '1296443', '2023-08-11 19:13:20');
INSERT INTO `rkb` VALUES ('2023000296', 'JD00000050', '086', '1271', '908', '1154068', '2023-09-20 03:40:00');
INSERT INTO `rkb` VALUES ('2023000297', 'JD00000048', '084', '1046', '818', '855628', '2023-08-30 21:33:20');
INSERT INTO `rkb` VALUES ('2023000298', 'JD00000017', '057', '1265', '906', '1146090', '2023-10-09 03:13:20');
INSERT INTO `rkb` VALUES ('2023000299', 'JD00000032', '100', '1389', '955', '1326495', '2023-09-18 21:06:40');
INSERT INTO `rkb` VALUES ('2023000300', 'JD00000004', '095', '1290', '916', '1181640', '2023-10-28 05:33:20');
INSERT INTO `rkb` VALUES ('2023000301', 'JD00000008', '091', '1470', '988', '1452360', '2023-04-17 06:00:00');
INSERT INTO `rkb` VALUES ('2023000302', 'JD00000026', '063', '1111', '844', '937684', '2023-11-16 05:06:40');
INSERT INTO `rkb` VALUES ('2023000303', 'JD00000040', '085', '1430', '972', '1389960', '2023-05-06 05:33:20');
INSERT INTO `rkb` VALUES ('2023000304', 'JD00000025', '030', '1038', '815', '845970', '2023-12-05 07:26:40');
INSERT INTO `rkb` VALUES ('2023000305', 'JD00000028', '080', '1188', '875', '1039500', '2023-05-25 07:53:20');
INSERT INTO `rkb` VALUES ('2023000306', 'JD00000001', '095', '1095', '838', '917610', '2023-07-03 13:33:20');
INSERT INTO `rkb` VALUES ('2023000307', 'JD00000012', '048', '1240', '896', '1111040', '2023-06-13 07:26:40');
INSERT INTO `rkb` VALUES ('2023000308', 'JD00000038', '061', '1119', '847', '947793', '2023-07-22 15:53:20');
INSERT INTO `rkb` VALUES ('2023000309', 'JD00000002', '067', '1030', '812', '836360', '2023-07-02 09:46:40');
INSERT INTO `rkb` VALUES ('2023000310', 'JD00000039', '049', '1309', '923', '1208207', '2023-06-12 03:40:00');
INSERT INTO `rkb` VALUES ('2023000311', 'JD00000041', '071', '1483', '993', '1472619', '2023-07-21 09:20:00');
INSERT INTO `rkb` VALUES ('2023000312', 'JD00000002', '092', '1389', '955', '1326495', '2023-01-08 09:46:40');
INSERT INTO `rkb` VALUES ('2023000313', 'JD00000050', '052', '1006', '802', '806812', '2023-08-09 11:40:00');
INSERT INTO `rkb` VALUES ('2023000314', 'JD00000027', '201', '1173', '869', '1019337', '2023-01-27 12:06:40');
INSERT INTO `rkb` VALUES ('2023000315', 'JD00000010', '076', '1091', '836', '912076', '2023-08-28 11:13:20');
INSERT INTO `rkb` VALUES ('2023000316', 'JD00000036', '081', '1422', '968', '1376496', '2023-02-15 11:40:00');
INSERT INTO `rkb` VALUES ('2023000317', 'JD00000013', '087', '1395', '958', '1336410', '2023-03-26 20:06:40');
INSERT INTO `rkb` VALUES ('2023000318', 'JD00000024', '054', '1116', '846', '944136', '2023-03-06 14:00:00');
INSERT INTO `rkb` VALUES ('2023000319', 'JD00000036', '049', '1074', '829', '890346', '2023-04-14 19:40:00');
INSERT INTO `rkb` VALUES ('2023000320', 'JD00000048', '056', '1382', '952', '1315664', '2023-03-25 13:33:20');
INSERT INTO `rkb` VALUES ('2023000321', 'JD00000003', '065', '1118', '847', '946946', '2023-05-03 22:00:00');
INSERT INTO `rkb` VALUES ('2023000322', 'JD00000001', '050', '1469', '987', '1449903', '2023-04-13 15:53:20');
INSERT INTO `rkb` VALUES ('2023000323', 'JD00000034', '090', '1079', '831', '896649', '2023-05-22 21:33:20');
INSERT INTO `rkb` VALUES ('2023000324', 'JD00000050', '065', '1206', '882', '1063692', '2023-05-02 15:26:40');
INSERT INTO `rkb` VALUES ('2023000325', 'JD00000046', '027', '1081', '832', '899392', '2023-06-10 23:53:20');
INSERT INTO `rkb` VALUES ('2023000326', 'JD00000011', '075', '1202', '880', '1057760', '2023-05-21 17:46:40');
INSERT INTO `rkb` VALUES ('2023000327', 'JD00000013', '050', '1253', '901', '1128953', '2023-11-07 12:46:40');
INSERT INTO `rkb` VALUES ('2023000328', 'JD00000004', '057', '1358', '943', '1280594', '2023-12-16 18:26:40');
INSERT INTO `rkb` VALUES ('2023000329', 'JD00000009', '065', '1146', '858', '983268', '2023-11-26 12:20:00');
INSERT INTO `rkb` VALUES ('2023000330', 'JD00000043', '050', '1380', '952', '1313760', '2023-01-06 02:13:20');
INSERT INTO `rkb` VALUES ('2023000331', 'JD00000018', '068', '1032', '813', '839016', '2023-12-15 14:40:00');
INSERT INTO `rkb` VALUES ('2023000332', 'JD00000032', '031', '1108', '843', '934044', '2023-01-25 01:46:40');
INSERT INTO `rkb` VALUES ('2023000333', 'JD00000030', '064', '1424', '969', '1379856', '2023-01-04 19:40:00');
INSERT INTO `rkb` VALUES ('2023000334', 'JD00000023', '083', '1303', '921', '1200063', '2023-02-13 04:06:40');
INSERT INTO `rkb` VALUES ('2023000335', 'JD00000048', '067', '1183', '873', '1032759', '2023-01-23 22:00:00');
INSERT INTO `rkb` VALUES ('2023000336', 'JD00000015', '075', '1208', '883', '1066664', '2023-03-04 03:40:00');
INSERT INTO `rkb` VALUES ('2023000337', 'JD00000039', '031', '1164', '865', '1006860', '2023-02-11 21:33:20');
INSERT INTO `rkb` VALUES ('2023000338', 'JD00000036', '057', '1087', '835', '907645', '2023-03-23 06:00:00');
INSERT INTO `rkb` VALUES ('2023000339', 'JD00000028', '083', '1083', '833', '902139', '2023-09-09 01:00:00');
INSERT INTO `rkb` VALUES ('2023000340', 'JD00000011', '079', '1078', '831', '895818', '2023-04-11 05:33:20');
INSERT INTO `rkb` VALUES ('2023000341', 'JD00000037', '053', '1494', '997', '1489518', '2023-09-28 00:33:20');
INSERT INTO `rkb` VALUES ('2023000342', 'JD00000006', '080', '1151', '860', '989860', '2023-04-30 07:53:20');
INSERT INTO `rkb` VALUES ('2023000343', 'JD00000047', '045', '1021', '808', '824968', '2023-10-17 02:53:20');
INSERT INTO `rkb` VALUES ('2023000344', 'JD00000031', '096', '1272', '909', '1156248', '2023-09-26 20:46:40');
INSERT INTO `rkb` VALUES ('2023000345', 'JD00000042', '031', '1071', '828', '886788', '2023-11-05 02:26:40');
INSERT INTO `rkb` VALUES ('2023000346', 'JD00000044', '096', '1222', '889', '1086358', '2023-10-15 23:06:40');
INSERT INTO `rkb` VALUES ('2023000347', 'JD00000020', '032', '1237', '894', '1105878', '2023-11-24 04:46:40');
INSERT INTO `rkb` VALUES ('2023000348', 'JD00000030', '030', '1070', '828', '885960', '2023-11-03 22:40:00');
INSERT INTO `rkb` VALUES ('2023000349', 'JD00000017', '095', '1200', '880', '1056000', '2023-12-13 04:20:00');
INSERT INTO `rkb` VALUES ('2023000350', 'JD00000003', '053', '1446', '978', '1414188', '2023-06-02 07:33:20');
INSERT INTO `rkb` VALUES ('2023000351', 'JD00000034', '027', '1375', '950', '1306250', '2023-01-02 12:06:40');
INSERT INTO `rkb` VALUES ('2023000352', 'JD00000045', '100', '1430', '972', '1389960', '2023-06-21 07:06:40');
INSERT INTO `rkb` VALUES ('2023000353', 'JD00000016', '063', '1190', '876', '1042440', '2023-01-21 11:40:00');
INSERT INTO `rkb` VALUES ('2023000354', 'JD00000003', '070', '1007', '802', '807614', '2023-07-10 09:26:40');
INSERT INTO `rkb` VALUES ('2023000355', 'JD00000040', '045', '1172', '868', '1017296', '2023-08-18 15:06:40');
INSERT INTO `rkb` VALUES ('2023000356', 'JD00000029', '063', '1001', '800', '800800', '2023-07-29 09:00:00');
INSERT INTO `rkb` VALUES ('2023000357', 'JD00000036', '032', '1032', '813', '839016', '2023-09-06 14:40:00');
INSERT INTO `rkb` VALUES ('2023000358', 'JD00000018', '074', '1223', '889', '1087247', '2023-08-17 11:20:00');
INSERT INTO `rkb` VALUES ('2023000359', 'JD00000032', '029', '1457', '982', '1430774', '2023-07-28 05:13:20');
INSERT INTO `rkb` VALUES ('2023000360', 'JD00000004', '042', '1485', '994', '1476090', '2023-09-05 10:53:20');
INSERT INTO `rkb` VALUES ('2023000361', 'JD00000042', '035', '1342', '936', '1256112', '2023-02-23 11:20:00');
INSERT INTO `rkb` VALUES ('2023000362', 'JD00000041', '072', '1382', '952', '1315664', '2023-09-24 13:13:20');
INSERT INTO `rkb` VALUES ('2023000363', 'JD00000024', '055', '1472', '989', '1455808', '2023-03-14 13:40:00');
INSERT INTO `rkb` VALUES ('2023000364', 'JD00000022', '054', '1150', '860', '989000', '2023-10-13 12:46:40');
INSERT INTO `rkb` VALUES ('2023000365', 'JD00000025', '080', '1276', '910', '1161160', '2023-04-02 13:13:20');
INSERT INTO `rkb` VALUES ('2023000366', 'JD00000018', '050', '1375', '950', '1306250', '2023-05-11 21:40:00');
INSERT INTO `rkb` VALUES ('2023000367', 'JD00000048', '093', '1464', '985', '1442040', '2023-04-21 15:33:20');
INSERT INTO `rkb` VALUES ('2023000368', 'JD00000011', '050', '1202', '880', '1057760', '2023-05-30 21:13:20');
INSERT INTO `rkb` VALUES ('2023000369', 'JD00000012', '038', '1490', '996', '1484040', '2023-05-10 15:06:40');
INSERT INTO `rkb` VALUES ('2023000370', 'JD00000029', '063', '1382', '953', '1317046', '2023-06-18 23:33:20');
INSERT INTO `rkb` VALUES ('2023000371', 'JD00000036', '038', '1257', '902', '1133814', '2023-05-29 17:26:40');
INSERT INTO `rkb` VALUES ('2023000372', 'JD00000045', '094', '1307', '923', '1206361', '2023-07-07 23:06:40');
INSERT INTO `rkb` VALUES ('2023000373', 'JD00000030', '030', '1032', '813', '839016', '2023-06-17 17:00:00');
INSERT INTO `rkb` VALUES ('2023000374', 'JD00000033', '091', '1496', '998', '1493008', '2023-07-27 01:26:40');
INSERT INTO `rkb` VALUES ('2023000375', 'JD00000025', '041', '1388', '955', '1325540', '2023-07-06 19:20:00');
INSERT INTO `rkb` VALUES ('2023000376', 'JD00000020', '051', '1466', '986', '1445476', '2023-12-23 14:20:00');
INSERT INTO `rkb` VALUES ('2023000377', 'JD00000009', '030', '1447', '978', '1415166', '2023-02-02 01:26:40');
INSERT INTO `rkb` VALUES ('2023000378', 'JD00000014', '047', '1306', '922', '1204132', '2023-01-12 19:20:00');
INSERT INTO `rkb` VALUES ('2023000379', 'JD00000027', '083', '1134', '853', '967302', '2023-02-21 03:46:40');
INSERT INTO `rkb` VALUES ('2023000380', 'JD00000027', '046', '1358', '943', '1280594', '2023-01-31 21:40:00');
INSERT INTO `rkb` VALUES ('2023000381', 'JD00000004', '037', '1465', '986', '1444490', '2023-03-12 03:20:00');
INSERT INTO `rkb` VALUES ('2023000382', 'JD00000019', '072', '1182', '873', '1031886', '2023-02-19 21:13:20');
INSERT INTO `rkb` VALUES ('2023000383', 'JD00000003', '046', '1158', '863', '999354', '2023-03-31 05:40:00');
INSERT INTO `rkb` VALUES ('2023000384', 'JD00000015', '033', '1199', '879', '1053921', '2023-03-10 23:33:20');
INSERT INTO `rkb` VALUES ('2023000385', 'JD00000020', '059', '1004', '801', '804204', '2023-04-19 05:13:20');
INSERT INTO `rkb` VALUES ('2023000386', 'JD00000019', '801', '1102', '840', '925680', '2023-03-29 23:06:40');
INSERT INTO `rkb` VALUES ('2023000387', 'JD00000028', '081', '1418', '967', '1371206', '2023-05-08 07:33:20');
INSERT INTO `rkb` VALUES ('2023000388', 'JD00000042', '201', '1417', '967', '1370239', '2023-10-25 02:33:20');
INSERT INTO `rkb` VALUES ('2023000389', 'JD00000042', '093', '1131', '852', '963612', '2023-05-27 07:06:40');
INSERT INTO `rkb` VALUES ('2023000390', 'JD00000044', '042', '1182', '872', '1030704', '2023-11-13 02:06:40');
INSERT INTO `rkb` VALUES ('2023000391', 'JD00000032', '062', '1176', '870', '1023120', '2023-06-15 09:26:40');
INSERT INTO `rkb` VALUES ('2023000392', 'JD00000010', '075', '1441', '976', '1406416', '2023-12-02 04:26:40');
INSERT INTO `rkb` VALUES ('2023000393', 'JD00000043', '058', '1130', '852', '962760', '2023-01-11 15:33:20');
INSERT INTO `rkb` VALUES ('2023000394', 'JD00000015', '201', '1098', '839', '921222', '2023-12-21 04:00:00');
INSERT INTO `rkb` VALUES ('2023000395', 'JD00000004', '056', '1236', '894', '1104984', '2023-11-30 21:53:20');
INSERT INTO `rkb` VALUES ('2023000396', 'JD00000046', '048', '1112', '844', '938528', '2023-01-10 11:46:40');
INSERT INTO `rkb` VALUES ('2023000397', 'JD00000028', '072', '1179', '871', '1026909', '2023-12-20 00:13:20');
INSERT INTO `rkb` VALUES ('2023000398', 'JD00000003', '052', '1371', '948', '1299708', '2023-01-29 11:20:00');
INSERT INTO `rkb` VALUES ('2023000399', 'JD00000009', '088', '1495', '998', '1492010', '2023-07-18 06:20:00');
INSERT INTO `rkb` VALUES ('2023000400', 'JD00000013', '046', '1196', '878', '1050088', '2023-02-17 13:40:00');
INSERT INTO `rkb` VALUES ('2023000401', 'JD00000047', '034', '1258', '903', '1135974', '2023-08-06 08:40:00');
INSERT INTO `rkb` VALUES ('2023000402', 'JD00000021', '037', '1035', '814', '842490', '2023-03-08 13:13:20');
INSERT INTO `rkb` VALUES ('2023000403', 'JD00000033', '031', '1080', '832', '898560', '2023-08-25 08:13:20');
INSERT INTO `rkb` VALUES ('2023000404', 'JD00000033', '050', '1317', '926', '1219542', '2023-10-03 16:40:00');
INSERT INTO `rkb` VALUES ('2023000405', 'JD00000001', '063', '1189', '875', '1040375', '2023-09-13 10:33:20');
INSERT INTO `rkb` VALUES ('2023000406', 'JD00000023', '077', '1068', '827', '883236', '2023-10-22 16:13:20');
INSERT INTO `rkb` VALUES ('2023000407', 'JD00000017', '030', '1397', '959', '1339723', '2023-10-02 10:06:40');
INSERT INTO `rkb` VALUES ('2023000408', 'JD00000009', '801', '1194', '877', '1047138', '2023-11-10 18:33:20');
INSERT INTO `rkb` VALUES ('2023000409', 'JD00000002', '091', '1118', '847', '946946', '2023-10-21 12:26:40');
INSERT INTO `rkb` VALUES ('2023000410', 'JD00000014', '067', '1205', '882', '1062810', '2023-04-10 12:53:20');
INSERT INTO `rkb` VALUES ('2023000411', 'JD00000028', '076', '1054', '821', '865334', '2023-11-09 12:00:00');
INSERT INTO `rkb` VALUES ('2023000412', 'JD00000029', '999', '1225', '890', '1090250', '2023-04-29 12:26:40');
INSERT INTO `rkb` VALUES ('2023000413', 'JD00000006', '055', '1089', '835', '909315', '2023-11-28 14:20:00');
INSERT INTO `rkb` VALUES ('2023000414', 'JD00000011', '066', '1098', '839', '921222', '2023-05-18 14:46:40');
INSERT INTO `rkb` VALUES ('2023000415', 'JD00000020', '060', '1020', '808', '824160', '2023-06-26 20:26:40');
INSERT INTO `rkb` VALUES ('2023000416', 'JD00000032', '035', '1159', '863', '1000217', '2023-06-06 14:20:00');
INSERT INTO `rkb` VALUES ('2023000417', 'JD00000050', '090', '1223', '889', '1087247', '2023-07-15 22:46:40');
INSERT INTO `rkb` VALUES ('2023000418', 'JD00000034', '054', '1272', '909', '1156248', '2023-06-25 16:40:00');
INSERT INTO `rkb` VALUES ('2023000419', 'JD00000009', '034', '1145', '858', '982410', '2023-08-03 22:20:00');
INSERT INTO `rkb` VALUES ('2023000420', 'JD00000002', '047', '1174', '869', '1020206', '2023-07-14 16:13:20');
INSERT INTO `rkb` VALUES ('2023000421', 'JD00000049', '035', '1456', '982', '1429792', '2023-08-23 00:40:00');
INSERT INTO `rkb` VALUES ('2023000422', 'JD00000024', '042', '1046', '818', '855628', '2023-08-02 18:33:20');
INSERT INTO `rkb` VALUES ('2023000423', 'JD00000038', '037', '1070', '828', '885960', '2023-09-11 00:13:20');
INSERT INTO `rkb` VALUES ('2023000424', 'JD00000044', '049', '1308', '923', '1207284', '2023-08-21 18:06:40');
INSERT INTO `rkb` VALUES ('2023000425', 'JD00000009', '090', '1206', '882', '1063692', '2023-09-30 02:33:20');
INSERT INTO `rkb` VALUES ('2023000426', 'JD00000026', '058', '1316', '926', '1218616', '2023-03-20 03:00:00');
INSERT INTO `rkb` VALUES ('2023000427', 'JD00000026', '059', '1177', '870', '1023990', '2023-02-27 20:53:20');
INSERT INTO `rkb` VALUES ('2023000428', 'JD00000028', '051', '1434', '973', '1395282', '2023-04-08 02:33:20');
INSERT INTO `rkb` VALUES ('2023000429', 'JD00000006', '049', '1260', '904', '1139040', '2023-03-18 23:13:20');
INSERT INTO `rkb` VALUES ('2023000430', 'JD00000043', '088', '1275', '910', '1160250', '2023-04-27 04:53:20');
INSERT INTO `rkb` VALUES ('2023000431', 'JD00000043', '048', '1287', '914', '1176318', '2023-04-06 22:46:40');
INSERT INTO `rkb` VALUES ('2023000432', 'JD00000004', '028', '1075', '830', '892250', '2023-05-16 04:26:40');
INSERT INTO `rkb` VALUES ('2023000433', 'JD00000027', '055', '1310', '924', '1210440', '2023-04-26 01:06:40');
INSERT INTO `rkb` VALUES ('2023000434', 'JD00000040', '072', '1437', '975', '1401075', '2023-06-04 06:46:40');
INSERT INTO `rkb` VALUES ('2023000435', 'JD00000015', '028', '1100', '840', '924000', '2023-05-15 00:40:00');
INSERT INTO `rkb` VALUES ('2023000436', 'JD00000029', '046', '1430', '972', '1389960', '2023-06-23 06:20:00');
INSERT INTO `rkb` VALUES ('2023000437', 'JD00000003', '078', '1102', '841', '926782', '2023-12-10 04:06:40');
INSERT INTO `rkb` VALUES ('2023000438', 'JD00000049', '077', '1341', '936', '1255176', '2023-07-12 08:40:00');
INSERT INTO `rkb` VALUES ('2023000439', 'JD00000005', '083', '1010', '804', '812040', '2023-12-29 03:40:00');
INSERT INTO `rkb` VALUES ('2023000440', 'JD00000019', '088', '1436', '974', '1398664', '2023-07-31 08:13:20');
INSERT INTO `rkb` VALUES ('2023000441', 'JD00000004', '029', '1204', '881', '1060724', '2023-01-18 11:26:40');
INSERT INTO `rkb` VALUES ('2023000442', 'JD00000028', '029', '1224', '889', '1088136', '2023-02-26 17:06:40');
INSERT INTO `rkb` VALUES ('2023000443', 'JD00000039', '092', '1298', '919', '1192862', '2023-02-06 11:00:00');
INSERT INTO `rkb` VALUES ('2023000444', 'JD00000012', '100', '1425', '970', '1382250', '2023-03-17 16:40:00');
INSERT INTO `rkb` VALUES ('2023000445', 'JD00000020', '051', '1127', '851', '959077', '2023-02-25 13:20:00');
INSERT INTO `rkb` VALUES ('2023000446', 'JD00000021', '085', '1450', '980', '1421000', '2023-02-05 07:13:20');
INSERT INTO `rkb` VALUES ('2023000447', 'JD00000002', '202', '1351', '940', '1269940', '2023-03-16 12:53:20');
INSERT INTO `rkb` VALUES ('2023000448', 'JD00000047', '068', '1031', '812', '837172', '2023-09-02 07:53:20');
INSERT INTO `rkb` VALUES ('2023000449', 'JD00000031', '064', '1077', '831', '894987', '2023-04-04 15:13:20');
INSERT INTO `rkb` VALUES ('2023000450', 'JD00000002', '033', '1076', '830', '893080', '2023-09-21 10:13:20');
INSERT INTO `rkb` VALUES ('2023000451', 'JD00000037', '801', '1388', '955', '1325540', '2023-04-23 14:46:40');
INSERT INTO `rkb` VALUES ('2023000452', 'JD00000050', '052', '1406', '962', '1352572', '2023-10-10 09:46:40');
INSERT INTO `rkb` VALUES ('2023000453', 'JD00000040', '061', '1226', '890', '1091140', '2023-11-18 18:13:20');
INSERT INTO `rkb` VALUES ('2023000454', 'JD00000043', '034', '1321', '928', '1225888', '2023-10-29 12:06:40');
INSERT INTO `rkb` VALUES ('2023000455', 'JD00000020', '999', '1240', '896', '1111040', '2023-12-07 17:46:40');
INSERT INTO `rkb` VALUES ('2023000456', 'JD00000009', '035', '1211', '884', '1070524', '2023-11-17 11:40:00');
INSERT INTO `rkb` VALUES ('2023000457', 'JD00000022', '028', '1464', '985', '1442040', '2023-12-26 20:06:40');
INSERT INTO `rkb` VALUES ('2023000458', 'JD00000048', '041', '1272', '908', '1154976', '2023-12-06 14:00:00');
INSERT INTO `rkb` VALUES ('2023000459', 'JD00000002', '057', '1110', '844', '936840', '2023-01-16 01:06:40');
INSERT INTO `rkb` VALUES ('2023000460', 'JD00000025', '091', '1373', '949', '1302977', '2023-12-25 13:33:20');
INSERT INTO `rkb` VALUES ('2023000461', 'JD00000030', '029', '1390', '956', '1328840', '2023-02-04 03:26:40');
INSERT INTO `rkb` VALUES ('2023000462', 'JD00000009', '035', '1462', '985', '1440070', '2023-01-14 21:20:00');
INSERT INTO `rkb` VALUES ('2023000463', 'JD00000016', '048', '1433', '973', '1394309', '2023-07-03 16:20:00');
INSERT INTO `rkb` VALUES ('2023000464', 'JD00000020', '060', '1342', '937', '1257454', '2023-08-11 22:00:00');
INSERT INTO `rkb` VALUES ('2023000465', 'JD00000049', '041', '1418', '967', '1371206', '2023-07-22 15:53:20');
INSERT INTO `rkb` VALUES ('2023000466', 'JD00000008', '064', '1478', '991', '1464698', '2023-08-31 00:20:00');
INSERT INTO `rkb` VALUES ('2023000467', 'JD00000006', '888', '1415', '966', '1366890', '2023-08-10 18:13:20');
INSERT INTO `rkb` VALUES ('2023000468', 'JD00000041', '091', '1151', '860', '989860', '2023-09-18 23:53:20');
INSERT INTO `rkb` VALUES ('2023000469', 'JD00000002', '077', '1498', '999', '1496502', '2023-08-29 17:46:40');
INSERT INTO `rkb` VALUES ('2023000470', 'JD00000029', '051', '1090', '836', '911240', '2023-10-08 02:13:20');
INSERT INTO `rkb` VALUES ('2023000471', 'JD00000025', '064', '1056', '822', '868032', '2023-09-17 20:06:40');
INSERT INTO `rkb` VALUES ('2023000472', 'JD00000049', '083', '1381', '952', '1314712', '2023-10-27 01:46:40');
INSERT INTO `rkb` VALUES ('2023000473', 'JD00000006', '056', '1262', '904', '1140848', '2023-10-06 19:40:00');
INSERT INTO `rkb` VALUES ('2023000474', 'JD00000020', '091', '1208', '883', '1066664', '2023-11-15 04:06:40');
INSERT INTO `rkb` VALUES ('2023000475', 'JD00000008', '081', '1469', '987', '1449903', '2023-05-05 04:33:20');
INSERT INTO `rkb` VALUES ('2023000476', 'JD00000046', '091', '1232', '893', '1100176', '2023-12-04 03:40:00');
INSERT INTO `rkb` VALUES ('2023000477', 'JD00000016', '084', '1247', '899', '1121053', '2023-05-24 04:06:40');
INSERT INTO `rkb` VALUES ('2023000478', 'JD00000010', '046', '1144', '857', '980408', '2023-12-23 06:00:00');
INSERT INTO `rkb` VALUES ('2023000479', 'JD00000033', '046', '1180', '872', '1028960', '2023-06-12 06:26:40');
INSERT INTO `rkb` VALUES ('2023000480', 'JD00000022', '035', '1256', '902', '1132912', '2023-05-23 00:20:00');
INSERT INTO `rkb` VALUES ('2023000481', 'JD00000007', '034', '1464', '985', '1442040', '2023-07-01 06:00:00');
INSERT INTO `rkb` VALUES ('2023000482', 'JD00000027', '078', '1145', '858', '982410', '2023-06-10 23:53:20');
INSERT INTO `rkb` VALUES ('2023000483', 'JD00000007', '666', '1357', '942', '1278294', '2023-07-20 08:20:00');
INSERT INTO `rkb` VALUES ('2023000484', 'JD00000014', '047', '1183', '873', '1032759', '2023-06-30 02:13:20');
INSERT INTO `rkb` VALUES ('2023000485', 'JD00000016', '096', '1387', '954', '1323198', '2023-08-08 07:53:20');
INSERT INTO `rkb` VALUES ('2023000486', 'JD00000014', '077', '1380', '952', '1313760', '2023-01-26 08:20:00');
INSERT INTO `rkb` VALUES ('2023000487', 'JD00000025', '063', '1349', '939', '1266711', '2023-08-27 10:13:20');
INSERT INTO `rkb` VALUES ('2023000488', 'JD00000041', '082', '1489', '995', '1481555', '2023-02-14 10:40:00');
INSERT INTO `rkb` VALUES ('2023000489', 'JD00000044', '074', '1197', '879', '1052163', '2023-09-15 09:46:40');
INSERT INTO `rkb` VALUES ('2023000490', 'JD00000026', '058', '1388', '955', '1325540', '2023-03-05 10:13:20');
INSERT INTO `rkb` VALUES ('2023000491', 'JD00000034', '100', '1465', '986', '1444490', '2023-04-13 18:40:00');
INSERT INTO `rkb` VALUES ('2023000492', 'JD00000006', '096', '1330', '932', '1239560', '2023-03-24 12:33:20');
INSERT INTO `rkb` VALUES ('2023000493', 'JD00000029', '099', '1230', '892', '1097160', '2023-05-02 18:13:20');
INSERT INTO `rkb` VALUES ('2023000494', 'JD00000010', '033', '1136', '854', '970144', '2023-04-12 12:06:40');
INSERT INTO `rkb` VALUES ('2023000495', 'JD00000010', '069', '1046', '818', '855628', '2023-05-21 20:33:20');
INSERT INTO `rkb` VALUES ('2023000496', 'JD00000012', '091', '1241', '896', '1111936', '2023-05-01 14:26:40');
INSERT INTO `rkb` VALUES ('2023000497', 'JD00000011', '049', '1290', '916', '1181640', '2023-10-18 09:26:40');
INSERT INTO `rkb` VALUES ('2023000498', 'JD00000030', '042', '1456', '982', '1429792', '2023-05-20 14:00:00');
INSERT INTO `rkb` VALUES ('2023000499', 'JD00000044', '040', '1007', '802', '807614', '2023-11-06 09:00:00');
INSERT INTO `rkb` VALUES ('2023000500', 'JD00000039', '051', '1149', '859', '986991', '2023-06-08 16:20:00');
